{"id":10387,"date":"2022-02-15T15:17:52","date_gmt":"2022-02-15T14:17:52","guid":{"rendered":"https:\/\/www.rc03-ilbenstadt.de\/?page_id=10387"},"modified":"2022-02-17T17:10:38","modified_gmt":"2022-02-17T16:10:38","slug":"45-fruehjahrs-rtf-2022-rund-um-ilbenstadtstrecken","status":"publish","type":"page","link":"https:\/\/www.rc03-ilbenstadt.de\/?page_id=10387","title":{"rendered":"Fr\u00fchjahrsradtouren 2022 (RTF, Gravel-CTF und GTF) &#8211; Strecken"},"content":{"rendered":"<p>Das \u00c4quinoktium, f\u00fcr uns Fachleute ist das die Tag- und Nachtgleiche, sagt uns in der Sprache der Astronomie, der Fr\u00fchling beginnt. Dies f\u00e4llt mit unseren Fr\u00fchjahrstouren auf einen Tag. Wir h\u00e4tten es nicht besser treffen k\u00f6nnen. Haben wir das? Nicht ganz. Der Fr\u00fchling beginnt um 16:33 Uhr und damit 33 Minuten nach unserem Kontrollschluss. Beschweren wir uns nicht, wenn wie schon oft in den Morgenstunden die ein oder andere Schneeflocke vorbeischneit. Bleiben wir optimistisch, alles wird gut, der Himmel ist blau und die Natur ist mit frischem Gr\u00fcn und ersten Fr\u00fchbl\u00fchern schon zu ansehnlichem Leben erwacht.<br \/>\nDie Touren f\u00fchren uns im Herzen der Wetterau durch Feld und Flur, dem Keltenf\u00fcrsten wird auf dem Glauberg ein Besuch abgestattet, der sich allein schon wegen des atemberaubenden Rundumblickes lohnt. F\u00fcr alle ist in diesem Fr\u00fchjahr etwas dabei. Ob auf dem Rennrad, dem Mountain- Trekking- oder Gravelbike, unser Tourenpaket h\u00e4lt f\u00fcr jeden ein passendes Angebot bereit. Von gem\u00fctlich bis sportlich, vom z\u00fcgigen Dahingleiten auf den Asphaltb\u00e4ndern verkehrsarmer Stra\u00dfen bis hin zu genussvollem, intensivem Kontakt mit der Wetterauer Erde. Die Auswahl steht.<\/p>\n<p>F\u00fcr die Darstellung unserer Strecken haben wir das OpenStreetMap-Projekt umap gew\u00e4hlt. Die Strecken von RTF und Gravel-CTF sind jeweils auf einer Karte geb\u00fcndelt, aber auf verschiedenen Ebenen eingestellt. Damit l\u00e4sst sich die gew\u00fcnschte Tour &#8222;freistellen&#8220; indem die anderen ausgeblendet werden. Versucht das mal am linken Kartenrand , dr\u00fcckt im Men\u00fc auf den &#8222;M\u00fcnzstapel&#8220; und blendet die Strecken mit dem Augensymbol ein oder aus. Die Darstellung der Graveltour (GTF) erfordert keinen Eingriff, sie steht schon alleine.<\/p>\n<p>Die Strecken befinden sich noch im beh\u00f6rdlichen Genehmigungsprozess und k\u00f6nnen aufgrund von Auflagen, Baustellen, Corona-Pandemieeinfl\u00fcssen sowie anderen unvorhergesehenen Ereignissen noch variieren. <\/p>\n<p>Die nachstehenden Kartenausschnitte erlauben das Zoomen mit dem Mausrad.<\/p>\n<p><strong>Gesamt\u00fcbersicht<\/strong><br \/>\nAuf den ersten Blick sehr verwirrend. Am Besten geht ihr gleich weiter zu RTF-, CTF- oder GTF-Strecken.<br \/>\n<strong>Kartendarstellung<\/strong><br \/>\n<a href=\"http:\/\/umap.openstreetmap.fr\/de\/map\/rc03_ilbenstadt_fruehjahrsradtouren_3_2022_710980#11\/50.3737\/8.9326\" target=\"_blank\" rel=\"noopener\">RC03_Fr\u00fchjahrsradtouren 2022<br \/>(Vollbildanzeige)<\/a><br \/>\n<iframe loading=\"lazy\" width=\"200%\" height=\"300px\" frameborder=\"0\" allowfullscreen src=\"\/\/umap.openstreetmap.fr\/de\/map\/rc03_ilbenstadt_fruehjahrsradtouren_3_2022_710980?scaleControl=true&#038;miniMap=false&#038;scrollWheelZoom=true&#038;zoomControl=true&#038;allowEdit=false&#038;moreControl=true&#038;searchControl=true&#038;tilelayersControl=null&#038;embedControl=null&#038;datalayersControl=true&#038;onLoadPanel=undefined&#038;captionBar=false&#038;fullscreenControl=true&#038;measureControl=true&#038;locateControl=true\"><\/iframe><\/p>\n<p><strong>RTF-Strecken<\/strong><br \/>\n<strong>Streckendownload f\u00fcr Navigationsger\u00e4te:<\/strong><br \/>\n<a href=\"https:\/\/rc03-ilbenstadt.de\/GPX\/GPX-RTF\/RC03-Ilbenstadt-RTF_3_2022-114km_v1.gpx\" target=\"_blank\" rel=\"noopener noreferrer\">Tour 1 &#8211; 114-Kilometer-Strecke\/887 Hm, <\/a> <a href=\"https:\/\/rc03-ilbenstadt.de\/GPX\/GPX-RTF\/RC03-Ilbenstadt-RTF_3_2022-72km.gpx\" target=\"_blank\" rel=\"noopener noreferrer\">Tour 2 &#8211; 72-Kilometer-Strecke\/627 Hm, <\/a><a href=\"https:\/\/rc03-ilbenstadt.de\/GPX\/GPX-RTF\/RC03-Ilbenstadt-RTF_3_2022-46km_U.gpx\" target=\"_blank\" rel=\"noopener noreferrer\"> Tour 3 &#8211; 46-Kilometer-Strecke\/294 Hm<\/a><br \/>\n<strong>Kartendarstellung<\/strong><br \/>\n<a href=\"http:\/\/umap.openstreetmap.fr\/de\/map\/rc03_ilbenstadt_fruehjahrs-rtf_3_2022_713541#12\/50.3675\/8.9212\" target=\"_blank\" rel=\"noopener\">RC03_Fr\u00fchjahrs-RTF_2022 &#8211; Alle Strecken<br \/>(Vollbildanzeige)<\/a><br \/>\n<iframe loading=\"lazy\" width=\"200%\" height=\"300px\" frameborder=\"0\" allowfullscreen src=\"\/\/umap.openstreetmap.fr\/de\/map\/rc03_ilbenstadt_fruehjahrs-rtf_3_2022_713541?scaleControl=true&#038;miniMap=false&#038;scrollWheelZoom=true&#038;zoomControl=true&#038;allowEdit=false&#038;moreControl=true&#038;searchControl=true&#038;tilelayersControl=null&#038;embedControl=null&#038;datalayersControl=true&#038;onLoadPanel=undefined&#038;captionBar=false&#038;fullscreenControl=true&#038;locateControl=true&#038;measureControl=true\"><\/iframe><\/p>\n<p><strong>Gravel-CTF-Strecken<\/strong><br \/>\n<strong>Streckendownload f\u00fcr Navigationsger\u00e4te:<\/strong><br \/>\n<\/a><a href=\"https:\/\/rc03-ilbenstadt.de\/GPX\/GPX-CTF\/RC03-Ilbenstadt-CTF_3_2022-71km.gpx\" target=\"_blank\" rel=\"noopener noreferrer\"> Tour 1 &#8211; 71-Kilometer-Strecke\/627 Hm, <\/a><\/a><a href=\"https:\/\/rc03-ilbenstadt.de\/GPX\/GPX-CTF\/RC03-Ilbenstadt-CTF_3_2022-56km.gpx\" target=\"_blank\" rel=\"noopener noreferrer\"> Tour 2 &#8211; 56-Kilometer-Strecke\/385 Hm, <\/a><\/a><a href=\"https:\/\/rc03-ilbenstadt.de\/GPX\/GPX-CTF\/RC03-CTF-3_2020-37km.gpx\" target=\"_blank\" rel=\"noopener noreferrer\"> Tour 3 &#8211; 37-Kilometer-Strecke\/242 Hm<\/a><br \/>\n<strong>Kartendarstellung<\/strong><br \/>\n<a href=\"http:\/\/umap.openstreetmap.fr\/de\/map\/rc03_ilbenstadt_fruehjahrs-gravel_ctf_3_2022_713538#12\/50.3756\/8.8237\" target=\"_blank\" rel=\"noopener\">RC03_Fr\u00fchjahrs-Gravel-CTF_2022 &#8211; Alle Strecken<br \/>(Vollbildanzeige)<\/a><br \/>\n<iframe loading=\"lazy\" width=\"200%\" height=\"300px\" frameborder=\"0\" allowfullscreen src=\"\/\/umap.openstreetmap.fr\/de\/map\/rc03_ilbenstadt_fruehjahrs-gravel_ctf_3_2022_713538?scaleControl=true&#038;miniMap=false&#038;scrollWheelZoom=true&#038;zoomControl=true&#038;allowEdit=false&#038;moreControl=true&#038;searchControl=true&#038;tilelayersControl=null&#038;embedControl=null&#038;datalayersControl=true&#038;onLoadPanel=undefined&#038;captionBar=false&#038;fullscreenControl=true&#038;locateControl=true&#038;measureControl=true\"><\/iframe><\/p>\n<p><strong>GTF-Strecke (Graveltour)<\/strong><br \/>\n <span style=\"color: #ff0000;\">Die GTF wird <strong>nicht<\/strong> ausgeschildert und ist nach GPS-Daten zu fahren. Beschilderungen anderer Touren sind mit Ausnahme der Kontrollstellen Melbach und der Keltenwelt zu ignorieren.<\/span><br \/>\n<strong>Streckendownload f\u00fcr Navigationsger\u00e4te:<\/strong><br \/>\n<\/a><a href=\"https:\/\/rc03-ilbenstadt.de\/GPX\/GPX-GTF\/RC03-GT_3_2022_79km_SP_Glauberg_220213-v1.gpx\" target=\"_blank\" rel=\"noopener noreferrer\"> Graveltour &#8211; 79-Kilometer-Strecke\/848 Hm<\/a><br \/>\n<strong>Kartendarstellung<\/strong><br \/>\n<a href=\"http:\/\/umap.openstreetmap.fr\/de\/map\/rc03_ilbenstadt_fruehjahrs-graveltour_3_2022_713542#12\/50.3672\/8.9212\" target=\"_blank\" rel=\"noopener\">RC03-Graveltour 2022<br \/>(Vollbildanzeige)<\/a><br \/>\n<iframe loading=\"lazy\" width=\"200%\" height=\"300px\" frameborder=\"0\" allowfullscreen src=\"\/\/umap.openstreetmap.fr\/de\/map\/rc03_ilbenstadt_fruehjahrs-graveltour_3_2022_713542?scaleControl=true&#038;miniMap=false&#038;scrollWheelZoom=true&#038;zoomControl=true&#038;allowEdit=false&#038;moreControl=true&#038;searchControl=true&#038;tilelayersControl=null&#038;embedControl=null&#038;datalayersControl=true&#038;onLoadPanel=undefined&#038;captionBar=false&#038;fullscreenControl=true&#038;locateControl=true&#038;measureControl=true\"><\/iframe><\/p>\n","protected":false},"excerpt":{"rendered":"<p>Das \u00c4quinoktium, f\u00fcr uns Fachleute ist das die Tag- und Nachtgleiche, sagt uns in der Sprache der Astronomie, der Fr\u00fchling beginnt. Dies f\u00e4llt mit unseren Fr\u00fchjahrstouren auf einen Tag. Wir h\u00e4tten es nicht besser treffen k\u00f6nnen. Haben wir das? Nicht &hellip; <a href=\"https:\/\/www.rc03-ilbenstadt.de\/?page_id=10387\">Weiterlesen <span class=\"meta-nav\">&rarr;<\/span><\/a><\/p>\n","protected":false},"author":9,"featured_media":0,"parent":10381,"menu_order":0,"comment_status":"closed","ping_status":"closed","template":"","meta":{"_crdt_document":"","footnotes":""},"class_list":["post-10387","page","type-page","status-publish","hentry"],"_links":{"self":[{"href":"https:\/\/www.rc03-ilbenstadt.de\/index.php?rest_route=\/wp\/v2\/pages\/10387","targetHints":{"allow":["GET"]}}],"collection":[{"href":"https:\/\/www.rc03-ilbenstadt.de\/index.php?rest_route=\/wp\/v2\/pages"}],"about":[{"href":"https:\/\/www.rc03-ilbenstadt.de\/index.php?rest_route=\/wp\/v2\/types\/page"}],"author":[{"embeddable":true,"href":"https:\/\/www.rc03-ilbenstadt.de\/index.php?rest_route=\/wp\/v2\/users\/9"}],"replies":[{"embeddable":true,"href":"https:\/\/www.rc03-ilbenstadt.de\/index.php?rest_route=%2Fwp%2Fv2%2Fcomments&post=10387"}],"version-history":[{"count":5,"href":"https:\/\/www.rc03-ilbenstadt.de\/index.php?rest_route=\/wp\/v2\/pages\/10387\/revisions"}],"predecessor-version":[{"id":10390,"href":"https:\/\/www.rc03-ilbenstadt.de\/index.php?rest_route=\/wp\/v2\/pages\/10387\/revisions\/10390"}],"up":[{"embeddable":true,"href":"https:\/\/www.rc03-ilbenstadt.de\/index.php?rest_route=\/wp\/v2\/pages\/10381"}],"wp:attachment":[{"href":"https:\/\/www.rc03-ilbenstadt.de\/index.php?rest_route=%2Fwp%2Fv2%2Fmedia&parent=10387"}],"curies":[{"name":"wp","href":"https:\/\/api.w.org\/{rel}","templated":true}]}}