{"id":11204,"date":"2023-01-11T08:33:23","date_gmt":"2023-01-11T07:33:23","guid":{"rendered":"https:\/\/www.rc03-ilbenstadt.de\/?page_id=11204"},"modified":"2023-03-18T19:42:27","modified_gmt":"2023-03-18T18:42:27","slug":"fruehjahrsradtouren-2023-rtf-gravel-ctf-und-gtf-strecken","status":"publish","type":"page","link":"https:\/\/www.rc03-ilbenstadt.de\/?page_id=11204","title":{"rendered":"Fr\u00fchjahrsradtouren 2023 &#8211; RTF-, Gravel-CTF- und Gravel (GTF)-Strecken"},"content":{"rendered":"<p>Auf dieser Seite haben wir alle Strecken unserer Fr\u00fchjahrsradtouren eingestellt.<br \/>\nWir w\u00fcnschen viel Spa\u00df beim St\u00f6bern und in der Vorbereitung. Z\u00f6gert nicht zu uns Kontakt aufzunehmen, wenn Ihr Fragen habt oder Probleme im Streckenverlauf auftauchen sollten.<\/p>\n<p>F\u00fcr die Darstellung unserer Strecken haben wir das OpenStreetMap-Projekt umap gew\u00e4hlt. Die Strecken von RTF, Gravel-CTF und Graveltourenfahrt (GTF) sind jeweils auf einer Karte geb\u00fcndelt, aber auf verschiedenen Ebenen eingestellt. Damit l\u00e4sst sich die gew\u00fcnschte Tour &#8222;freistellen&#8220; indem die anderen ausgeblendet werden. Versucht das mal am linken Kartenrand, dr\u00fcckt im Men\u00fc auf den &#8222;M\u00fcnzstapel&#8220; und blendet die Strecken mit dem Augensymbol ein oder aus.<br \/>\n<strong>Nat\u00fcrlich tragen wir dem BDR mit seinem strategischen Partner Komoot Rechnung und ver\u00f6ffentlichen auch auf diesem Portal die Strecken. Diese werden in den n\u00e4chsten Tagen eingestellt.<\/strong><\/p>\n<p><strong><span style=\"color: #ff0000;\">Die Strecken befinden sich noch in der vereinsinternen Pr\u00fcfung und vor dem beh\u00f6rdlichen Genehmigungsprozess. Sie k\u00f6nnen noch variieren.<br \/>\n03.02.2023: Beide Gravelstrecken wurden in der Region &#8222;Glauberg&#8220; ge\u00e4ndert.<br \/>\n04.02.2023: RTF, Tour 1 (43 km) wurde am Ortseingang, Niddabr\u00fccke, angepasst.<br \/>\n09.02.2023: RTF, Tour 3 (114 km) wurde am Ortseingang Rockenberg wegen einer Baustelle ge\u00e4ndert.<br \/>\n07.03.2023: RTF, Tour 2 (73 km) wurde ge\u00e4ndert: Zufahrt nach Effolderbach \u00fcber die K 238, nicht mehr \u00fcber den Radweg\/Wirtschaftsweg<\/span><\/strong><\/p>\n<p>Die nachstehenden Kartenausschnitte erlauben das Zoomen mit dem Mausrad.<\/p>\n<p><strong>Gesamt\u00fcbersicht<\/strong><br \/>\nAuf den ersten und zweiten Blick sehr verwirrend. Am Besten geht ihr gleich weiter zu RTF-, CTF- oder GTF-Strecken.<br \/>\n<strong>Kartendarstellung:<\/strong><br \/>\n<a href=\"http:\/\/umap.openstreetmap.fr\/de\/map\/rc03_ilbenstadt_fruehjahrsradtouren_3_2023_gesamt__865363#10\/50.3674\/8.8781\" target=\"_blank\" rel=\"noopener\">RC03_Fr\u00fchjahrsradtouren 2023<br \/>(Vollbildanzeige)<\/a><br \/>\n<iframe loading=\"lazy\" width=\"200%\" height=\"300px\" frameborder=\"0\" allowfullscreen src=\"\/\/umap.openstreetmap.fr\/de\/map\/rc03_ilbenstadt_fruehjahrsradtouren_3_2023_gesamt__865363?scaleControl=true&#038;miniMap=false&#038;scrollWheelZoom=true&#038;zoomControl=true&#038;allowEdit=false&#038;moreControl=true&#038;searchControl=true&#038;tilelayersControl=true&#038;embedControl=true&#038;datalayersControl=true&#038;onLoadPanel=undefined&#038;captionBar=false&#038;fullscreenControl=true&#038;locateControl=true&#038;measureControl=true\"><\/iframe><\/p>\n<p><strong>RTF-Strecken<\/strong><br \/>\n<strong>Streckendownload f\u00fcr Navigationsger\u00e4te:<\/strong><br \/>\n<a href=\"https:\/\/rc03-ilbenstadt.de\/GPX\/GPX-RTF\/RC03_Ilbenstadt_RTF_3_2023_114km_v3.gpx\" target=\"_blank\" rel=\"noopener noreferrer\">Tour 3 &#8211; 114-Kilometer-Strecke\/910 Hm, <\/a> <a href=\"https:\/\/rc03-ilbenstadt.de\/GPX\/GPX-RTF\/RC03_Ilbenstadt_RTF_3_2023_73km_v3.gpx\" target=\"_blank\" rel=\"noopener noreferrer\">Tour 2 &#8211; 73-Kilometer-Strecke\/608 Hm, <\/a><a href=\"https:\/\/rc03-ilbenstadt.de\/GPX\/GPX-RTF\/RC03_Ilbenstadt_RTF_3_2023_43km_v2.gpx\" target=\"_blank\" rel=\"noopener noreferrer\"> Tour 1 &#8211; 43-Kilometer-Strecke\/294 Hm<\/a><br \/>\n<strong>Streckendownload f\u00fcr Navigationsger\u00e4te (Alternativstrecke Borsdorf-Harb bei Schlechtwetter:<\/strong><br \/>\n<a href=\"https:\/\/rc03-ilbenstadt.de\/GPX\/GPX-RTF\/RC03_Ilbenstadt_RTF_3_2023_114km_v3a.gpx\" target=\"_blank\" rel=\"noopener noreferrer\">Tour 3a &#8211; 114-Kilometer-Strecke\/900 Hm, <\/a><br \/>\n<a href=\"https:\/\/www.komoot.de\/user\/739636384356\/tours\" target=\"_blank\" rel=\"noopener\"><strong>=> Komoot<\/strong><\/a><br \/>\n<strong>Kartendarstellung:<\/strong><br \/>\n<a href=\"http:\/\/umap.openstreetmap.fr\/de\/map\/rc03_ilbenstadt_fruehjahrs_rtf_3_2023_hp_869290#11\/50.3666\/8.8850\" target=\"_blank\" rel=\"noopener\">RC03_Fr\u00fchjahrs-RTF_2023 &#8211; Alle Strecken<br \/>(Vollbildanzeige)<\/a><br \/>\n<iframe loading=\"lazy\" width=\"200%\" height=\"300px\" frameborder=\"0\" allowfullscreen src=\"\/\/umap.openstreetmap.fr\/de\/map\/rc03_ilbenstadt_fruehjahrs_rtf_3_2023_hp_869290?scaleControl=true&#038;miniMap=false&#038;scrollWheelZoom=true&#038;zoomControl=true&#038;allowEdit=false&#038;moreControl=true&#038;searchControl=true&#038;tilelayersControl=true&#038;embedControl=true&#038;datalayersControl=true&#038;onLoadPanel=undefined&#038;captionBar=false&#038;fullscreenControl=true&#038;locateControl=true&#038;measureControl=true\"><\/iframe><\/p>\n<p><strong>Gravel-CTF-Strecken<\/strong><br \/>\n<strong>Streckendownload f\u00fcr Navigationsger\u00e4te:<\/strong><br \/>\n<\/a><a href=\"https:\/\/rc03-ilbenstadt.de\/GPX\/GPX-CTF\/RC03_Ilbenstadt_CTF_3_2023_71km.gpx\" target=\"_blank\" rel=\"noopener noreferrer\"> Tour 3 &#8211; 71-Kilometer-Strecke\/627 Hm, <\/a><\/a><a href=\"https:\/\/rc03-ilbenstadt.de\/GPX\/GPX-CTF\/RC03_Ilbenstadt_CTF_3_2023_56km.gpx\" target=\"_blank\" rel=\"noopener noreferrer\"> Tour 2 &#8211; 56-Kilometer-Strecke\/385 Hm, <\/a><\/a><a href=\"https:\/\/rc03-ilbenstadt.de\/GPX\/GPX-CTF\/RC03_Ilbenstadt_CTF_3_2023_37km.gpx\" target=\"_blank\" rel=\"noopener noreferrer\"> Tour 1 &#8211; 37-Kilometer-Strecke\/242 Hm<\/a><br \/>\n<a href=\"https:\/\/www.komoot.de\/user\/739636384356\/tours\" target=\"_blank\" rel=\"noopener\"><strong>=> Komoot<\/strong><\/a><br \/>\n<strong>Kartendarstellung:<\/strong><br \/>\n<a href=\"http:\/\/umap.openstreetmap.fr\/de\/map\/rc03_ilbenstadt_fruehjahrs-gravel_ctf_3_2023_hp_865371#11\/50.3703\/8.8119\" target=\"_blank\" rel=\"noopener\">RC03_Fr\u00fchjahrs-Gravel-CTF_2023 &#8211; Alle Strecken<br \/>(Vollbildanzeige)<\/a><br \/>\n<iframe loading=\"lazy\" width=\"200%\" height=\"300px\" frameborder=\"0\" allowfullscreen src=\"\/\/umap.openstreetmap.fr\/de\/map\/rc03_ilbenstadt_fruehjahrs-gravel_ctf_3_2023_hp_865371?scaleControl=true&#038;miniMap=false&#038;scrollWheelZoom=true&#038;zoomControl=true&#038;allowEdit=false&#038;moreControl=true&#038;searchControl=true&#038;tilelayersControl=true&#038;embedControl=true&#038;datalayersControl=true&#038;onLoadPanel=undefined&#038;captionBar=false&#038;fullscreenControl=true&#038;locateControl=true&#038;measureControl=true\"><\/iframe><\/p>\n<p><strong>GTF-Strecke (Graveltour)<\/strong><br \/>\n <span style=\"color: #ff0000;\">Die GTF wird <strong>nicht<\/strong> ausgeschildert und ist nach GPS-Daten zu fahren. Beschilderungen anderer Touren sind mit Ausnahme der Kontrollstellen Melbach und der Keltenwelt zu ignorieren.<\/span><br \/>\n<strong>Streckendownload f\u00fcr Navigationsger\u00e4te:<\/strong><br \/>\n<\/a><a href=\"https:\/\/rc03-ilbenstadt.de\/GPX\/GPX-GTF\/RC03_Ilbenstadt_GTF_3_2023_79km_v6.gpx\" target=\"_blank\" rel=\"noopener noreferrer\"> Graveltour &#8211; 79-Kilometer-Strecke\/872 Hm<\/a><\/a><a href=\"https:\/\/rc03-ilbenstadt.de\/GPX\/GPX-GTF\/RC03_Ilbenstadt_GTF_3_2023_51km_v6.gpx\" target=\"_blank\" rel=\"noopener noreferrer\"> Graveltour &#8211; 51-Kilometer-Strecke\/684 Hm<\/a><br \/>\n<a href=\"https:\/\/www.komoot.de\/user\/739636384356\/tours\" target=\"_blank\" rel=\"noopener\"><strong>=> Komoot<\/strong><\/a><br \/>\n<strong>Kartendarstellung:<\/strong><br \/>\n<a href=\"http:\/\/umap.openstreetmap.fr\/de\/map\/rc03_ilbenstadt_fruehjahrs_graveltour_gtf_3_2023_h_865367#14\/50.2979\/8.9710\" target=\"_blank\" rel=\"noopener\">RC03-Graveltour 2022<br \/>(Vollbildanzeige)<\/a><br \/>\n<iframe loading=\"lazy\" width=\"200%\" height=\"300px\" frameborder=\"0\" allowfullscreen src=\"\/\/umap.openstreetmap.fr\/de\/map\/rc03_ilbenstadt_fruehjahrs_graveltour_gtf_3_2023_h_865367?scaleControl=true&#038;miniMap=false&#038;scrollWheelZoom=true&#038;zoomControl=true&#038;allowEdit=false&#038;moreControl=true&#038;searchControl=true&#038;tilelayersControl=true&#038;embedControl=true&#038;datalayersControl=true&#038;onLoadPanel=undefined&#038;captionBar=false&#038;fullscreenControl=true&#038;locateControl=true&#038;measureControl=true\"><\/iframe><\/p>\n","protected":false},"excerpt":{"rendered":"<p>Auf dieser Seite haben wir alle Strecken unserer Fr\u00fchjahrsradtouren eingestellt. Wir w\u00fcnschen viel Spa\u00df beim St\u00f6bern und in der Vorbereitung. Z\u00f6gert nicht zu uns Kontakt aufzunehmen, wenn Ihr Fragen habt oder Probleme im Streckenverlauf auftauchen sollten. F\u00fcr die Darstellung unserer &hellip; <a href=\"https:\/\/www.rc03-ilbenstadt.de\/?page_id=11204\">Weiterlesen <span class=\"meta-nav\">&rarr;<\/span><\/a><\/p>\n","protected":false},"author":9,"featured_media":0,"parent":0,"menu_order":0,"comment_status":"closed","ping_status":"closed","template":"","meta":{"_crdt_document":"","footnotes":""},"class_list":["post-11204","page","type-page","status-publish","hentry"],"_links":{"self":[{"href":"https:\/\/www.rc03-ilbenstadt.de\/index.php?rest_route=\/wp\/v2\/pages\/11204","targetHints":{"allow":["GET"]}}],"collection":[{"href":"https:\/\/www.rc03-ilbenstadt.de\/index.php?rest_route=\/wp\/v2\/pages"}],"about":[{"href":"https:\/\/www.rc03-ilbenstadt.de\/index.php?rest_route=\/wp\/v2\/types\/page"}],"author":[{"embeddable":true,"href":"https:\/\/www.rc03-ilbenstadt.de\/index.php?rest_route=\/wp\/v2\/users\/9"}],"replies":[{"embeddable":true,"href":"https:\/\/www.rc03-ilbenstadt.de\/index.php?rest_route=%2Fwp%2Fv2%2Fcomments&post=11204"}],"version-history":[{"count":6,"href":"https:\/\/www.rc03-ilbenstadt.de\/index.php?rest_route=\/wp\/v2\/pages\/11204\/revisions"}],"predecessor-version":[{"id":12089,"href":"https:\/\/www.rc03-ilbenstadt.de\/index.php?rest_route=\/wp\/v2\/pages\/11204\/revisions\/12089"}],"wp:attachment":[{"href":"https:\/\/www.rc03-ilbenstadt.de\/index.php?rest_route=%2Fwp%2Fv2%2Fmedia&parent=11204"}],"curies":[{"name":"wp","href":"https:\/\/api.w.org\/{rel}","templated":true}]}}

Frühjahrsradtouren 2023 &#8211; RTF-, Gravel-CTF- und Gravel (GTF)-Strecken

<p>Auf dieser Seite haben wir alle Strecken unserer Frühjahrsradtouren eingestellt.<br />
Wir wünschen viel Spaß beim Stöbern und in der Vorbereitung. Zögert nicht zu uns Kontakt aufzunehmen, wenn Ihr Fragen habt oder Probleme im Streckenverlauf auftauchen sollten.</p>
<p>Für die Darstellung unserer Strecken haben wir das OpenStreetMap-Projekt umap gewählt. Die Strecken von RTF, Gravel-CTF und Graveltourenfahrt (GTF) sind jeweils auf einer Karte gebündelt, aber auf verschiedenen Ebenen eingestellt. Damit lässt sich die gewünschte Tour &#8222;freistellen&#8220; indem die anderen ausgeblendet werden. Versucht das mal am linken Kartenrand, drückt im Menü auf den &#8222;Münzstapel&#8220; und blendet die Strecken mit dem Augensymbol ein oder aus.<br />
<strong>Natürlich tragen wir dem BDR mit seinem strategischen Partner Komoot Rechnung und veröffentlichen auch auf diesem Portal die Strecken. Diese werden in den nächsten Tagen eingestellt.</strong></p>
<p><strong><span style="color: #ff0000;">Die Strecken befinden sich noch in der vereinsinternen Prüfung und vor dem behördlichen Genehmigungsprozess. Sie können noch variieren.<br />
03.02.2023: Beide Gravelstrecken wurden in der Region &#8222;Glauberg&#8220; geändert.<br />
04.02.2023: RTF, Tour 1 (43 km) wurde am Ortseingang, Niddabrücke, angepasst.<br />
09.02.2023: RTF, Tour 3 (114 km) wurde am Ortseingang Rockenberg wegen einer Baustelle geändert.<br />
07.03.2023: RTF, Tour 2 (73 km) wurde geändert: Zufahrt nach Effolderbach über die K 238, nicht mehr über den Radweg/Wirtschaftsweg</span></strong></p>
<p>Die nachstehenden Kartenausschnitte erlauben das Zoomen mit dem Mausrad.</p>
<p><strong>Gesamtübersicht</strong><br />
Auf den ersten und zweiten Blick sehr verwirrend. Am Besten geht ihr gleich weiter zu RTF-, CTF- oder GTF-Strecken.<br />
<strong>Kartendarstellung:</strong><br />
<a href="http://umap.openstreetmap.fr/de/map/rc03_ilbenstadt_fruehjahrsradtouren_3_2023_gesamt__865363#10/50.3674/8.8781" target="_blank" rel="noopener">RC03_Frühjahrsradtouren 2023<br />(Vollbildanzeige)</a><br />
<iframe loading="lazy" width="200%" height="300px" frameborder="0" allowfullscreen src="//umap.openstreetmap.fr/de/map/rc03_ilbenstadt_fruehjahrsradtouren_3_2023_gesamt__865363?scaleControl=true&#038;miniMap=false&#038;scrollWheelZoom=true&#038;zoomControl=true&#038;allowEdit=false&#038;moreControl=true&#038;searchControl=true&#038;tilelayersControl=true&#038;embedControl=true&#038;datalayersControl=true&#038;onLoadPanel=undefined&#038;captionBar=false&#038;fullscreenControl=true&#038;locateControl=true&#038;measureControl=true"></iframe></p>
<p><strong>RTF-Strecken</strong><br />
<strong>Streckendownload für Navigationsgeräte:</strong><br />
<a href="https://rc03-ilbenstadt.de/GPX/GPX-RTF/RC03_Ilbenstadt_RTF_3_2023_114km_v3.gpx" target="_blank" rel="noopener noreferrer">Tour 3 &#8211; 114-Kilometer-Strecke/910 Hm, </a> <a href="https://rc03-ilbenstadt.de/GPX/GPX-RTF/RC03_Ilbenstadt_RTF_3_2023_73km_v3.gpx" target="_blank" rel="noopener noreferrer">Tour 2 &#8211; 73-Kilometer-Strecke/608 Hm, </a><a href="https://rc03-ilbenstadt.de/GPX/GPX-RTF/RC03_Ilbenstadt_RTF_3_2023_43km_v2.gpx" target="_blank" rel="noopener noreferrer"> Tour 1 &#8211; 43-Kilometer-Strecke/294 Hm</a><br />
<strong>Streckendownload für Navigationsgeräte (Alternativstrecke Borsdorf-Harb bei Schlechtwetter:</strong><br />
<a href="https://rc03-ilbenstadt.de/GPX/GPX-RTF/RC03_Ilbenstadt_RTF_3_2023_114km_v3a.gpx" target="_blank" rel="noopener noreferrer">Tour 3a &#8211; 114-Kilometer-Strecke/900 Hm, </a><br />
<a href="https://www.komoot.de/user/739636384356/tours" target="_blank" rel="noopener"><strong>=> Komoot</strong></a><br />
<strong>Kartendarstellung:</strong><br />
<a href="http://umap.openstreetmap.fr/de/map/rc03_ilbenstadt_fruehjahrs_rtf_3_2023_hp_869290#11/50.3666/8.8850" target="_blank" rel="noopener">RC03_Frühjahrs-RTF_2023 &#8211; Alle Strecken<br />(Vollbildanzeige)</a><br />
<iframe loading="lazy" width="200%" height="300px" frameborder="0" allowfullscreen src="//umap.openstreetmap.fr/de/map/rc03_ilbenstadt_fruehjahrs_rtf_3_2023_hp_869290?scaleControl=true&#038;miniMap=false&#038;scrollWheelZoom=true&#038;zoomControl=true&#038;allowEdit=false&#038;moreControl=true&#038;searchControl=true&#038;tilelayersControl=true&#038;embedControl=true&#038;datalayersControl=true&#038;onLoadPanel=undefined&#038;captionBar=false&#038;fullscreenControl=true&#038;locateControl=true&#038;measureControl=true"></iframe></p>
<p><strong>Gravel-CTF-Strecken</strong><br />
<strong>Streckendownload für Navigationsgeräte:</strong><br />
</a><a href="https://rc03-ilbenstadt.de/GPX/GPX-CTF/RC03_Ilbenstadt_CTF_3_2023_71km.gpx" target="_blank" rel="noopener noreferrer"> Tour 3 &#8211; 71-Kilometer-Strecke/627 Hm, </a></a><a href="https://rc03-ilbenstadt.de/GPX/GPX-CTF/RC03_Ilbenstadt_CTF_3_2023_56km.gpx" target="_blank" rel="noopener noreferrer"> Tour 2 &#8211; 56-Kilometer-Strecke/385 Hm, </a></a><a href="https://rc03-ilbenstadt.de/GPX/GPX-CTF/RC03_Ilbenstadt_CTF_3_2023_37km.gpx" target="_blank" rel="noopener noreferrer"> Tour 1 &#8211; 37-Kilometer-Strecke/242 Hm</a><br />
<a href="https://www.komoot.de/user/739636384356/tours" target="_blank" rel="noopener"><strong>=> Komoot</strong></a><br />
<strong>Kartendarstellung:</strong><br />
<a href="http://umap.openstreetmap.fr/de/map/rc03_ilbenstadt_fruehjahrs-gravel_ctf_3_2023_hp_865371#11/50.3703/8.8119" target="_blank" rel="noopener">RC03_Frühjahrs-Gravel-CTF_2023 &#8211; Alle Strecken<br />(Vollbildanzeige)</a><br />
<iframe loading="lazy" width="200%" height="300px" frameborder="0" allowfullscreen src="//umap.openstreetmap.fr/de/map/rc03_ilbenstadt_fruehjahrs-gravel_ctf_3_2023_hp_865371?scaleControl=true&#038;miniMap=false&#038;scrollWheelZoom=true&#038;zoomControl=true&#038;allowEdit=false&#038;moreControl=true&#038;searchControl=true&#038;tilelayersControl=true&#038;embedControl=true&#038;datalayersControl=true&#038;onLoadPanel=undefined&#038;captionBar=false&#038;fullscreenControl=true&#038;locateControl=true&#038;measureControl=true"></iframe></p>
<p><strong>GTF-Strecke (Graveltour)</strong><br />
 <span style="color: #ff0000;">Die GTF wird <strong>nicht</strong> ausgeschildert und ist nach GPS-Daten zu fahren. Beschilderungen anderer Touren sind mit Ausnahme der Kontrollstellen Melbach und der Keltenwelt zu ignorieren.</span><br />
<strong>Streckendownload für Navigationsgeräte:</strong><br />
</a><a href="https://rc03-ilbenstadt.de/GPX/GPX-GTF/RC03_Ilbenstadt_GTF_3_2023_79km_v6.gpx" target="_blank" rel="noopener noreferrer"> Graveltour &#8211; 79-Kilometer-Strecke/872 Hm</a></a><a href="https://rc03-ilbenstadt.de/GPX/GPX-GTF/RC03_Ilbenstadt_GTF_3_2023_51km_v6.gpx" target="_blank" rel="noopener noreferrer"> Graveltour &#8211; 51-Kilometer-Strecke/684 Hm</a><br />
<a href="https://www.komoot.de/user/739636384356/tours" target="_blank" rel="noopener"><strong>=> Komoot</strong></a><br />
<strong>Kartendarstellung:</strong><br />
<a href="http://umap.openstreetmap.fr/de/map/rc03_ilbenstadt_fruehjahrs_graveltour_gtf_3_2023_h_865367#14/50.2979/8.9710" target="_blank" rel="noopener">RC03-Graveltour 2022<br />(Vollbildanzeige)</a><br />
<iframe loading="lazy" width="200%" height="300px" frameborder="0" allowfullscreen src="//umap.openstreetmap.fr/de/map/rc03_ilbenstadt_fruehjahrs_graveltour_gtf_3_2023_h_865367?scaleControl=true&#038;miniMap=false&#038;scrollWheelZoom=true&#038;zoomControl=true&#038;allowEdit=false&#038;moreControl=true&#038;searchControl=true&#038;tilelayersControl=true&#038;embedControl=true&#038;datalayersControl=true&#038;onLoadPanel=undefined&#038;captionBar=false&#038;fullscreenControl=true&#038;locateControl=true&#038;measureControl=true"></iframe></p>

<p>Auf dieser Seite haben wir alle Strecken unserer Frühjahrsradtouren eingestellt. Wir wünschen viel Spaß beim Stöbern und in der Vorbereitung. Zögert nicht zu uns Kontakt aufzunehmen, wenn Ihr Fragen habt oder Probleme im Streckenverlauf auftauchen sollten. Für die Darstellung unserer &hellip; <a href="https://www.rc03-ilbenstadt.de/?page_id=11204">Weiterlesen <span class="meta-nav">&rarr;</span></a></p>
