{"id":11253,"date":"2023-01-13T16:55:00","date_gmt":"2023-01-13T15:55:00","guid":{"rendered":"https:\/\/www.rc03-ilbenstadt.de\/?page_id=11253"},"modified":"2023-03-18T19:45:33","modified_gmt":"2023-03-18T18:45:33","slug":"fruehjahrsradtouren-2023-ausschreibung-gravel-ctf","status":"publish","type":"page","link":"https:\/\/www.rc03-ilbenstadt.de\/?page_id=11253","title":{"rendered":"Fr\u00fchjahrstouren 2023 &#8211; Ausschreibung Gravel-CTF"},"content":{"rendered":"<p>Die moderaten Fr\u00fchjahrstouren in der sanften H\u00fcgellandschaft der Wetterau sind gespickt mit kleinen Fitnesspr\u00fcfungen. An eine CTF werden viele unterschiedliche Erwartungen gekn\u00fcpft. Den einen kann es nicht steil genug sein, Singletrails und Wurzelpassagen sind willkommen. Andere sind mit solchen Touren teilweise auch schon in der Steuerkunst \u00fcberfordert und n\u00e4hern sich in ihrer Leistungskurve dem roten Bereich. Wir sind in der gl\u00fccklichen Lage, eine moderate Tour anbieten zu k\u00f6nnen, die in der 71-Kilometervariante immerhin  mit 627 H\u00f6henmetern aufwartet. So flach ist dann die Wetterau auch wieder nicht. Gravelfreundinnen und -freunde sind auch auf den CTF-Touren willkommen; sie finden hier gegen\u00fcber unserer Gravelrunde mit 79 Kilometern und 848 H\u00f6henmetern die entspannteren Touren. <\/p>\n<p>Wir laden herzlich in die tolle Landschaft der Wetterau ein.<\/p>\n<p><strong>Gegen\u00fcber den Vorjahren wurden die Strecken nur marginal ge\u00e4ndert. Die \u00c4nderung der Namensgebung von CTF in Gravel-CTF hat nichts mit \u00c4nderungen der Streckencharakteristiken zu tun. Dies soll Gravelfreundinnen und -freunden lediglich signalisieren, dass auch im CTF-Umfeld ein Gravelbike artgerecht bewegt werden kann.<\/strong><\/p>\n<p>Die Strecken k\u00f6nnen noch variieren; die Genehmigung der Stra\u00dfenverkehrsbeh\u00f6rde steht noch aus.<\/p>\n<table class=\" aligncenter\">\n<tbody>\n<tr>\n<td style=\"text-align: left; vertical-align: middle;\" scope=\"col\"><span style=\"color: #ff0000;\"><strong>NEUE Version<br \/>NEUE und GEPR\u00dcFTE Funktionalit\u00e4ten<br \/><\/strong><\/span><\/p>\n<p><a href=\"https:\/\/www.rc03-ilbenstadt.de\/wp-content\/uploads\/2015\/03\/scanbike-Logo_rechts-high-95px.jpg\" target=\"_blank\"  rel=\"lightbox[11253] noopener noreferrer\"><img loading=\"lazy\" decoding=\"async\" class=\"aligncenter wp-image-3511 size-thumbnail\" src=\"https:\/\/www.rc03-ilbenstadt.de\/wp-content\/uploads\/2015\/03\/scanbike-Logo_rechts-high-95px.jpg\" alt=\"\" width=\"150\" height=\"150\" \/><\/a><\/td>\n<td style=\"text-align: left; vertical-align: middle;\"><strong>Wir setzen zur Abwicklung der Veranstaltung das neue <a href=\"https:\/\/scan.bike\/\" target=\"_blank\" rel=\"noopener\">scan+bike<\/a> mit neuen,  gepr\u00fcften und veranstaltungserprobten Funktionalit\u00e4ten ein.<\/strong><br \/>\nDu kannst Dich bereits heute \u00fcber den zentralen Veranstaltungs-QR-Code mit Deinen pers\u00f6nliche Daten auf Deinem  Smartphon\/Handy registrieren. Am Veranstaltungsort scannst Du diesen QR-Code erneut, es wird erkannt an welcher Veranstaltung Du teilnimmst &#8211; Standortsuche muss w\u00e4hrend des Anmeldeprocederes freigegeben sein &#8211; und mit dem Anmeldeclick werden ohne Zeitverzug Deine Startunterlagen gedruckt. Nach dem Entrichten des Startgeldes kannst Du gleich auf eine unserer Strecken.<br \/>\n<a href=\"https:\/\/www.rc03-ilbenstadt.de\/wp-content\/uploads\/2023\/01\/SB_2023_QR_CODE_Legende.jpg\" target=\"_blank\"  rel=\"lightbox[11253] noopener noreferrer\"><img loading=\"lazy\" decoding=\"async\" class=\"aligncenter wp-image-11308 size-thumbnail\" src=\"https:\/\/www.rc03-ilbenstadt.de\/wp-content\/uploads\/2023\/01\/SB_2023_QR_CODE_Legende.jpg\" alt=\"\" width=\"878\" height=\"316\" srcset=\"https:\/\/www.rc03-ilbenstadt.de\/wp-content\/uploads\/2023\/01\/SB_2023_QR_CODE_Legende.jpg 878w, https:\/\/www.rc03-ilbenstadt.de\/wp-content\/uploads\/2023\/01\/SB_2023_QR_CODE_Legende-300x108.jpg 300w, https:\/\/www.rc03-ilbenstadt.de\/wp-content\/uploads\/2023\/01\/SB_2023_QR_CODE_Legende-768x276.jpg 768w\" sizes=\"auto, (max-width: 878px) 100vw, 878px\" \/><\/a><br \/>\nZum Vergr\u00f6\u00dfern bitte den QR-Code anklicken.<\/p>\n<p><strong>Wir freuen uns auf Dich!<\/strong><\/td>\n<\/tr>\n<tr>\n<td>Start:<\/td>\n<td><strong>Sonntag, den 19. M\u00e4rz 2023, 08.00 Uhr \u2013 10:00 Uhr<\/strong><\/td>\n<\/tr>\n<tr>\n<td>Startort:<\/td>\n<td><strong>Turnhalle Ilbenstadt (Sportplatz)<br \/>\nSchulstra\u00dfe 1, 61194 Niddatal-Ilbenstadt<\/strong><\/td>\n<\/tr>\n<tr>\n<td>Sternfahrten:<\/td>\n<td>Wir lassen Sternfahrten zu. Diese k\u00f6nnen beliebig von und zum Wohnort gestaltet werden. Auch ist der Einstieg an einem Servicepunkt oder sonst auf der Strecke zugelassen. Es muss dabei mindestens eine komplette Strecke (37 oder 56 km) absolviert worden sein.<br \/>\nStreng genommen kennt das Reglement CTF keine Sternfahrten. Da der BDR selbst im Breitensportkalender CTF mit dem &#8222;S&#8220; f\u00fcr Sternfahrten markiert, dr\u00fccken wir nat\u00fcrlich auch ein Auge zu.<\/td>\n<\/tr>\n<tr>\n<td>Strecken:<\/td>\n<td><strong>37 km, 56 km und 71 km k\u00f6nnen bew\u00e4ltigt werden<\/strong><\/td>\n<\/tr>\n<tr>\n<td>Auszeichnungen:<\/td>\n<td><strong>Bis 3 Auszeichnungen f\u00fcr die gr\u00f6\u00dften BDR-Mannschaften<br \/>\nBis 3 Auszeichnungen f\u00fcr die gr\u00f6\u00dften Privatmannschaften<\/strong><\/td>\n<\/tr>\n<tr>\n<td>Unsere Strecken im Internet<\/td>\n<td>Wir stellen unsere Strecken auf dem freien Onlinetool uMap (https:\/\/www.umap\/openstreetmap\/fr\/de) und Komoot zur Verf\u00fcgung.<\/p>\n<p>Hier geht es zu unserer <a href=\"https:\/\/www.rc03-ilbenstadt.de\/?page_id=11204\" rel=\"noopener noreferrer\"><strong>Karten\u00fcbersicht (RTF, Gravel-CTF, GTF)<\/strong><\/a><\/td>\n<\/tr>\n<tr>\n<td>GPX-Dateien<br \/>\ndirekt zum Download<\/td>\n<td><strong><a href=\"https:\/\/rc03-ilbenstadt.de\/GPX\/GPX-CTF\/RC03_Ilbenstadt_CTF_3_2023_37km.gpx\" target=\"_blank\" rel=\"noopener noreferrer\"> 37-Kilometer-Strecke\/242 Hm<\/a><br \/>\n<a href=\"https:\/\/rc03-ilbenstadt.de\/GPX\/GPX-CTF\/RC03_Ilbenstadt_CTF_3_2023_56km.gpx\" target=\"_blank\" rel=\"noopener noreferrer\">56-Kilometer-Strecke\/385 Hm<\/a><br \/>\n<a href=\"https:\/\/rc03-ilbenstadt.de\/GPX\/GPX-CTF\/RC03_Ilbenstadt_CTF_3_2023_71km.gpx\" target=\"_blank\" rel=\"noopener noreferrer\">71-Kilometer-Strecke\/627 Hm<\/a><\/strong><\/td>\n<\/tr>\n<tr>\n<td>Komoot:<\/td>\n<td><a href=\"https:\/\/www.komoot.de\/user\/739636384356\/tours\" target=\"_blank\" rel=\"noopener\"><strong>=> Komoot Profil<\/strong><\/a><\/td>\n<\/tr>\n<tr>\n<td>Teilnahmebedingungen:<\/td>\n<td><strong><a href=\"https:\/\/www.rc03-ilbenstadt.de\/?page_id=11242\" target=\"_blank\" rel=\"noopener noreferrer\">Bitte hier klicken \u2026<\/strong><\/a><\/td>\n<\/tr>\n<tr>\n<td>Flyer zu den Fr\u00fchjahrsradtouren:<\/td>\n<td><strong>Flyer\/Brosch\u00fcre in Arbeit<\/strong><\/a><br \/>\nSeiten f\u00fcr Brosch\u00fcrendruck zusammengestellt:<br \/>Doppelseitiger Druck, an Schmalseite wenden<\/td>\n<\/tr>\n<\/tbody>\n<\/table>\n<p><strong>Tourenkontrollfahrt f\u00fcr das Deutsche Radsportabzeichen!<\/strong><br \/>\nWenn Du das Deutsche Radsportabzeichen (DRA) erwerben m\u00f6chtest und dich am Start meldest, k\u00f6nnen wir Dir die gefahrene Zeit bescheinigen. Du kannst im Laufe des Jahres 2023 f\u00fcr das Radsportabzeichen auch beim RC03-Ilbenstadt trainieren. Unsere Pr\u00fcfer werden Deine Leistung abnehmen.<br \/>\nN\u00e4here Informationen zum DRA bekommst Du beim RC 03 Ilbenstadt oder\/und auf den Seiten des  <a href=\"https:\/\/www.rad-net.de\/radsportabzeichen.htm\" target=\"_blank\" rel=\"noopener\">Bundes Deutscher Radfahrer<\/a>.<\/p>\n","protected":false},"excerpt":{"rendered":"<p>Die moderaten Fr\u00fchjahrstouren in der sanften H\u00fcgellandschaft der Wetterau sind gespickt mit kleinen Fitnesspr\u00fcfungen. An eine CTF werden viele unterschiedliche Erwartungen gekn\u00fcpft. Den einen kann es nicht steil genug sein, Singletrails und Wurzelpassagen sind willkommen. Andere sind mit solchen Touren &hellip; <a href=\"https:\/\/www.rc03-ilbenstadt.de\/?page_id=11253\">Weiterlesen <span class=\"meta-nav\">&rarr;<\/span><\/a><\/p>\n","protected":false},"author":9,"featured_media":0,"parent":11204,"menu_order":2,"comment_status":"closed","ping_status":"closed","template":"","meta":{"_crdt_document":"","footnotes":""},"class_list":["post-11253","page","type-page","status-publish","hentry"],"_links":{"self":[{"href":"https:\/\/www.rc03-ilbenstadt.de\/index.php?rest_route=\/wp\/v2\/pages\/11253","targetHints":{"allow":["GET"]}}],"collection":[{"href":"https:\/\/www.rc03-ilbenstadt.de\/index.php?rest_route=\/wp\/v2\/pages"}],"about":[{"href":"https:\/\/www.rc03-ilbenstadt.de\/index.php?rest_route=\/wp\/v2\/types\/page"}],"author":[{"embeddable":true,"href":"https:\/\/www.rc03-ilbenstadt.de\/index.php?rest_route=\/wp\/v2\/users\/9"}],"replies":[{"embeddable":true,"href":"https:\/\/www.rc03-ilbenstadt.de\/index.php?rest_route=%2Fwp%2Fv2%2Fcomments&post=11253"}],"version-history":[{"count":5,"href":"https:\/\/www.rc03-ilbenstadt.de\/index.php?rest_route=\/wp\/v2\/pages\/11253\/revisions"}],"predecessor-version":[{"id":11403,"href":"https:\/\/www.rc03-ilbenstadt.de\/index.php?rest_route=\/wp\/v2\/pages\/11253\/revisions\/11403"}],"up":[{"embeddable":true,"href":"https:\/\/www.rc03-ilbenstadt.de\/index.php?rest_route=\/wp\/v2\/pages\/11204"}],"wp:attachment":[{"href":"https:\/\/www.rc03-ilbenstadt.de\/index.php?rest_route=%2Fwp%2Fv2%2Fmedia&parent=11253"}],"curies":[{"name":"wp","href":"https:\/\/api.w.org\/{rel}","templated":true}]}}

Frühjahrstouren 2023 &#8211; Ausschreibung Gravel-CTF

<p>Die moderaten Frühjahrstouren in der sanften Hügellandschaft der Wetterau sind gespickt mit kleinen Fitnessprüfungen. An eine CTF werden viele unterschiedliche Erwartungen geknüpft. Den einen kann es nicht steil genug sein, Singletrails und Wurzelpassagen sind willkommen. Andere sind mit solchen Touren teilweise auch schon in der Steuerkunst überfordert und nähern sich in ihrer Leistungskurve dem roten Bereich. Wir sind in der glücklichen Lage, eine moderate Tour anbieten zu können, die in der 71-Kilometervariante immerhin  mit 627 Höhenmetern aufwartet. So flach ist dann die Wetterau auch wieder nicht. Gravelfreundinnen und -freunde sind auch auf den CTF-Touren willkommen; sie finden hier gegenüber unserer Gravelrunde mit 79 Kilometern und 848 Höhenmetern die entspannteren Touren. </p>
<p>Wir laden herzlich in die tolle Landschaft der Wetterau ein.</p>
<p><strong>Gegenüber den Vorjahren wurden die Strecken nur marginal geändert. Die Änderung der Namensgebung von CTF in Gravel-CTF hat nichts mit Änderungen der Streckencharakteristiken zu tun. Dies soll Gravelfreundinnen und -freunden lediglich signalisieren, dass auch im CTF-Umfeld ein Gravelbike artgerecht bewegt werden kann.</strong></p>
<p>Die Strecken können noch variieren; die Genehmigung der Straßenverkehrsbehörde steht noch aus.</p>
<table class=" aligncenter">
<tbody>
<tr>
<td style="text-align: left; vertical-align: middle;" scope="col"><span style="color: #ff0000;"><strong>NEUE Version<br />NEUE und GEPRÜFTE Funktionalitäten<br /></strong></span></p>
<p><a href="https://www.rc03-ilbenstadt.de/wp-content/uploads/2015/03/scanbike-Logo_rechts-high-95px.jpg" target="_blank"  rel="lightbox[11253] noopener noreferrer"><img loading="lazy" decoding="async" class="aligncenter wp-image-3511 size-thumbnail" src="https://www.rc03-ilbenstadt.de/wp-content/uploads/2015/03/scanbike-Logo_rechts-high-95px.jpg" alt="" width="150" height="150" /></a></td>
<td style="text-align: left; vertical-align: middle;"><strong>Wir setzen zur Abwicklung der Veranstaltung das neue <a href="https://scan.bike/" target="_blank" rel="noopener">scan+bike</a> mit neuen,  geprüften und veranstaltungserprobten Funktionalitäten ein.</strong><br />
Du kannst Dich bereits heute über den zentralen Veranstaltungs-QR-Code mit Deinen persönliche Daten auf Deinem  Smartphon/Handy registrieren. Am Veranstaltungsort scannst Du diesen QR-Code erneut, es wird erkannt an welcher Veranstaltung Du teilnimmst &#8211; Standortsuche muss während des Anmeldeprocederes freigegeben sein &#8211; und mit dem Anmeldeclick werden ohne Zeitverzug Deine Startunterlagen gedruckt. Nach dem Entrichten des Startgeldes kannst Du gleich auf eine unserer Strecken.<br />
<a href="https://www.rc03-ilbenstadt.de/wp-content/uploads/2023/01/SB_2023_QR_CODE_Legende.jpg" target="_blank"  rel="lightbox[11253] noopener noreferrer"><img loading="lazy" decoding="async" class="aligncenter wp-image-11308 size-thumbnail" src="https://www.rc03-ilbenstadt.de/wp-content/uploads/2023/01/SB_2023_QR_CODE_Legende.jpg" alt="" width="878" height="316" srcset="https://www.rc03-ilbenstadt.de/wp-content/uploads/2023/01/SB_2023_QR_CODE_Legende.jpg 878w, https://www.rc03-ilbenstadt.de/wp-content/uploads/2023/01/SB_2023_QR_CODE_Legende-300x108.jpg 300w, https://www.rc03-ilbenstadt.de/wp-content/uploads/2023/01/SB_2023_QR_CODE_Legende-768x276.jpg 768w" sizes="auto, (max-width: 878px) 100vw, 878px" /></a><br />
Zum Vergrößern bitte den QR-Code anklicken.</p>
<p><strong>Wir freuen uns auf Dich!</strong></td>
</tr>
<tr>
<td>Start:</td>
<td><strong>Sonntag, den 19. März 2023, 08.00 Uhr – 10:00 Uhr</strong></td>
</tr>
<tr>
<td>Startort:</td>
<td><strong>Turnhalle Ilbenstadt (Sportplatz)<br />
Schulstraße 1, 61194 Niddatal-Ilbenstadt</strong></td>
</tr>
<tr>
<td>Sternfahrten:</td>
<td>Wir lassen Sternfahrten zu. Diese können beliebig von und zum Wohnort gestaltet werden. Auch ist der Einstieg an einem Servicepunkt oder sonst auf der Strecke zugelassen. Es muss dabei mindestens eine komplette Strecke (37 oder 56 km) absolviert worden sein.<br />
Streng genommen kennt das Reglement CTF keine Sternfahrten. Da der BDR selbst im Breitensportkalender CTF mit dem &#8222;S&#8220; für Sternfahrten markiert, drücken wir natürlich auch ein Auge zu.</td>
</tr>
<tr>
<td>Strecken:</td>
<td><strong>37 km, 56 km und 71 km können bewältigt werden</strong></td>
</tr>
<tr>
<td>Auszeichnungen:</td>
<td><strong>Bis 3 Auszeichnungen für die größten BDR-Mannschaften<br />
Bis 3 Auszeichnungen für die größten Privatmannschaften</strong></td>
</tr>
<tr>
<td>Unsere Strecken im Internet</td>
<td>Wir stellen unsere Strecken auf dem freien Onlinetool uMap (https://www.umap/openstreetmap/fr/de) und Komoot zur Verfügung.</p>
<p>Hier geht es zu unserer <a href="https://www.rc03-ilbenstadt.de/?page_id=11204" rel="noopener noreferrer"><strong>Kartenübersicht (RTF, Gravel-CTF, GTF)</strong></a></td>
</tr>
<tr>
<td>GPX-Dateien<br />
direkt zum Download</td>
<td><strong><a href="https://rc03-ilbenstadt.de/GPX/GPX-CTF/RC03_Ilbenstadt_CTF_3_2023_37km.gpx" target="_blank" rel="noopener noreferrer"> 37-Kilometer-Strecke/242 Hm</a><br />
<a href="https://rc03-ilbenstadt.de/GPX/GPX-CTF/RC03_Ilbenstadt_CTF_3_2023_56km.gpx" target="_blank" rel="noopener noreferrer">56-Kilometer-Strecke/385 Hm</a><br />
<a href="https://rc03-ilbenstadt.de/GPX/GPX-CTF/RC03_Ilbenstadt_CTF_3_2023_71km.gpx" target="_blank" rel="noopener noreferrer">71-Kilometer-Strecke/627 Hm</a></strong></td>
</tr>
<tr>
<td>Komoot:</td>
<td><a href="https://www.komoot.de/user/739636384356/tours" target="_blank" rel="noopener"><strong>=> Komoot Profil</strong></a></td>
</tr>
<tr>
<td>Teilnahmebedingungen:</td>
<td><strong><a href="https://www.rc03-ilbenstadt.de/?page_id=11242" target="_blank" rel="noopener noreferrer">Bitte hier klicken …</strong></a></td>
</tr>
<tr>
<td>Flyer zu den Frühjahrsradtouren:</td>
<td><strong>Flyer/Broschüre in Arbeit</strong></a><br />
Seiten für Broschürendruck zusammengestellt:<br />Doppelseitiger Druck, an Schmalseite wenden</td>
</tr>
</tbody>
</table>
<p><strong>Tourenkontrollfahrt für das Deutsche Radsportabzeichen!</strong><br />
Wenn Du das Deutsche Radsportabzeichen (DRA) erwerben möchtest und dich am Start meldest, können wir Dir die gefahrene Zeit bescheinigen. Du kannst im Laufe des Jahres 2023 für das Radsportabzeichen auch beim RC03-Ilbenstadt trainieren. Unsere Prüfer werden Deine Leistung abnehmen.<br />
Nähere Informationen zum DRA bekommst Du beim RC 03 Ilbenstadt oder/und auf den Seiten des  <a href="https://www.rad-net.de/radsportabzeichen.htm" target="_blank" rel="noopener">Bundes Deutscher Radfahrer</a>.</p>

<p>Die moderaten Frühjahrstouren in der sanften Hügellandschaft der Wetterau sind gespickt mit kleinen Fitnessprüfungen. An eine CTF werden viele unterschiedliche Erwartungen geknüpft. Den einen kann es nicht steil genug sein, Singletrails und Wurzelpassagen sind willkommen. Andere sind mit solchen Touren &hellip; <a href="https://www.rc03-ilbenstadt.de/?page_id=11253">Weiterlesen <span class="meta-nav">&rarr;</span></a></p>
