{"id":11259,"date":"2023-01-13T17:27:44","date_gmt":"2023-01-13T16:27:44","guid":{"rendered":"https:\/\/www.rc03-ilbenstadt.de\/?page_id=11259"},"modified":"2023-03-18T19:45:55","modified_gmt":"2023-03-18T18:45:55","slug":"fruehjahrsradtouren-2023-ausschreibung-graveltourenfahrt-gtf","status":"publish","type":"page","link":"https:\/\/www.rc03-ilbenstadt.de\/?page_id=11259","title":{"rendered":"Fr\u00fchjahrstouren 2023 &#8211; Ausschreibung Graveltourenfahrt (GTF)"},"content":{"rendered":"<p>Die moderaten Fr\u00fchjahrstouren in der sanften H\u00fcgellandschaft der Wetterau sind gespickt mit kleinen Fitnesspr\u00fcfungen. Hier sollen nun auch Freundinnen und Freunde des Gravelbikes in die Gemeinschaft des organisierten Breitenradsportes hineinschuppern. Gerne, die Breitenradsportszene hat keine Scheuklappen. Unabh\u00e4ngig davon, dass zur RTF ein Rennrad geh\u00f6rt, zur CTF ein Mountainbike, haben R\u00e4der fast jeder Couleur die Spartengrenzen \u00fcberschritten, ohne dass daran Ansto\u00df genommen wurde. Eigene Erfahrungen mit einem Querfeldeinrad, auch Cyclocrossbike genannt, sind seit \u00fcber 15 Jahren vorhanden und lassen Grenzen verschwimmen.<br \/>\nAuch wenn das Graveln im BDR und seinen Verb\u00e4nden erst jetzt  entdeckt wird, wird man feststellen, dass es schon l\u00e4ngst da ist &#8230;<\/p>\n<p>Wir bieten Graveltouren \u00fcber 51 und 79 Kilometer im Herzen der Wetterau, gef\u00fchrt auf Wirtschaftswegen mit wechselnden Untergr\u00fcnden an. Zwei Servicepunkte auf dem Glauberg und in Melbach liegen auf der Tour. 631 und 848 H\u00f6henmeter wurden &#8222;versteckt&#8220;. Wer es entspannter haben m\u00f6chte, kann sich auf unseren ausgeschilderten Gravel-CTF austoben.<br \/>\nDie Touren sind nicht ausgeschildert und werden nach GPS-Daten gefahren.<\/p>\n<p>Wir laden herzlich in die tolle Landschaft der Wetterau ein.<\/p>\n<p><strong>Gegen\u00fcber dem Vorjahr wurde die Strecke nur marginal ge\u00e4ndert. In diesem Jahr kommt die k\u00fcrzere Strecke mit 51 Kilometern hinzu, die \u00fcber den Glauberg gef\u00fchrt wird.<\/strong><\/p>\n<p>Die Strecken k\u00f6nnen noch variieren; die Genehmigung der Unteren Naturschutzbeh\u00f6rde und des Hessen Forst stehen noch aus.<\/p>\n<table class=\" aligncenter\">\n<tbody>\n<tr>\n<td style=\"text-align: left; vertical-align: middle;\" scope=\"col\"><span style=\"color: #ff0000;\"><strong>NEUE Version<br \/>NEUE und GEPR\u00dcFTE Funktionalit\u00e4ten<br \/><\/strong><\/span><\/p>\n<p><a href=\"https:\/\/www.rc03-ilbenstadt.de\/wp-content\/uploads\/2015\/03\/scanbike-Logo_rechts-high-95px.jpg\" target=\"_blank\"  rel=\"lightbox[11259] noopener noreferrer\"><img loading=\"lazy\" decoding=\"async\" class=\"aligncenter wp-image-3511 size-thumbnail\" src=\"https:\/\/www.rc03-ilbenstadt.de\/wp-content\/uploads\/2015\/03\/scanbike-Logo_rechts-high-95px.jpg\" alt=\"\" width=\"150\" height=\"150\" \/><\/a><\/td>\n<td style=\"text-align: left; vertical-align: middle;\"><strong>Wir setzen zur Abwicklung der Veranstaltung das neue <a href=\"https:\/\/scan.bike\/\" target=\"_blank\" rel=\"noopener\">scan+bike<\/a> mit neuen,  gepr\u00fcften und veranstaltungserprobten Funktionalit\u00e4ten ein.<\/strong><br \/>\nDu kannst Dich bereits heute \u00fcber den zentralen Veranstaltungs-QR-Code mit Deinen pers\u00f6nliche Daten auf Deinem  Smartphon\/Handy registrieren. Am Veranstaltungsort scannst Du diesen QR-Code erneut, es wird erkannt an welcher Veranstaltung Du teilnimmst &#8211; Standortsuche muss w\u00e4hrend des Anmeldeprocederes freigegeben sein &#8211; und mit dem Anmeldeclick werden ohne Zeitverzug Deine Startunterlagen gedruckt. Nach dem Entrichten des Startgeldes kannst Du gleich auf eine unserer Strecken.<br \/>\n<a href=\"https:\/\/www.rc03-ilbenstadt.de\/wp-content\/uploads\/2023\/01\/SB_2023_QR_CODE_Legende.jpg\" target=\"_blank\"  rel=\"lightbox[11259] noopener noreferrer\"><img loading=\"lazy\" decoding=\"async\" class=\"aligncenter wp-image-11308 size-thumbnail\" src=\"https:\/\/www.rc03-ilbenstadt.de\/wp-content\/uploads\/2023\/01\/SB_2023_QR_CODE_Legende.jpg\" alt=\"\" width=\"878\" height=\"316\" srcset=\"https:\/\/www.rc03-ilbenstadt.de\/wp-content\/uploads\/2023\/01\/SB_2023_QR_CODE_Legende.jpg 878w, https:\/\/www.rc03-ilbenstadt.de\/wp-content\/uploads\/2023\/01\/SB_2023_QR_CODE_Legende-300x108.jpg 300w, https:\/\/www.rc03-ilbenstadt.de\/wp-content\/uploads\/2023\/01\/SB_2023_QR_CODE_Legende-768x276.jpg 768w\" sizes=\"auto, (max-width: 878px) 100vw, 878px\" \/><\/a><br \/>\nZum Vergr\u00f6\u00dfern bitte den QR-Code anklicken.<\/p>\n<p><strong>Wir freuen uns auf Dich!<\/strong><\/td>\n<\/tr>\n<tr>\n<td>Start:<\/td>\n<td><strong>Sonntag, den 19. M\u00e4rz 2023, 08.00 Uhr \u2013 10:00 Uhr<\/strong><\/td>\n<\/tr>\n<tr>\n<td>Startort:<\/td>\n<td><strong>Turnhalle Ilbenstadt (Sportplatz)<br \/>\nSchulstra\u00dfe 1, 61194 Niddatal-Ilbenstadt<\/strong><\/td>\n<\/tr>\n<tr>\n<td>Sternfahrten:<\/td>\n<td>Wir lassen bei Graveltouren keine Sternfahrten zu. <\/td>\n<\/tr>\n<tr>\n<td>Strecken:<\/td>\n<td><strong>51 km und 79 km k\u00f6nnen bew\u00e4ltigt werden<\/strong><\/td>\n<\/tr>\n<tr>\n<td>Auszeichnungen (Gemeinsame Wertung mit CTF):<\/td>\n<td><strong>Bis 3 Auszeichnungen f\u00fcr die gr\u00f6\u00dften BDR-Mannschaften<br \/>\nBis 3 Auszeichnungen f\u00fcr die gr\u00f6\u00dften Privatmannschaften<\/strong><\/td>\n<\/tr>\n<tr>\n<td>Unsere Strecken im Internet<\/td>\n<td>Wir stellen unsere Strecken auf dem freien Onlinetool uMap (https:\/\/www.umap\/openstreetmap\/fr\/de) und Komoot zur Verf\u00fcgung.<\/p>\n<p>Hier geht es zu unserer <a href=\"https:\/\/www.rc03-ilbenstadt.de\/?page_id=11204\" rel=\"noopener noreferrer\"><strong>Karten\u00fcbersicht (RTF, Gravel-CTF, GTF)<\/strong><\/a><\/td>\n<\/tr>\n<tr>\n<td>GPX-Dateien<br \/>\ndirekt zum Download<\/td>\n<td><strong><a href=\"https:\/\/rc03-ilbenstadt.de\/GPX\/GPX-GTF\/RC03_Ilbenstadt_GTF_3_2023_51km_v6.gpx\" target=\"_blank\" rel=\"noopener noreferrer\"> 51-Kilometer-Strecke\/684 Hm<\/a><br \/>\n<a href=\"https:\/\/rc03-ilbenstadt.de\/GPX\/GPX-GTF\/RC03_Ilbenstadt_GTF_3_2023_79km_v6.gpx\" target=\"_blank\" rel=\"noopener noreferrer\">79-Kilometer-Strecke\/872 Hm<\/a><\/strong><\/td>\n<\/tr>\n<tr>\n<td>Komoot:<\/td>\n<td><a href=\"https:\/\/www.komoot.de\/user\/739636384356\/tours\" target=\"_blank\" rel=\"noopener\"><strong>=> Komoot Profil<\/strong><\/a><\/td>\n<\/tr>\n<tr>\n<td>Teilnahmebedingungen:<\/td>\n<td><strong><a href=\"https:\/\/www.rc03-ilbenstadt.de\/?page_id=11242\" target=\"_blank\" rel=\"noopener noreferrer\">Bitte hier klicken \u2026<\/strong><\/a><\/td>\n<\/tr>\n<tr>\n<td>Flyer zu den Fr\u00fchjahrsradtouren:<\/td>\n<td><strong>Flyer\/Brosch\u00fcre in Arbeit<\/strong><\/a><br \/>\nSeiten f\u00fcr Brosch\u00fcrendruck zusammengestellt:<br \/>Doppelseitiger Druck, an Schmalseite wenden<\/td>\n<\/tr>\n<\/tbody>\n<\/table>\n","protected":false},"excerpt":{"rendered":"<p>Die moderaten Fr\u00fchjahrstouren in der sanften H\u00fcgellandschaft der Wetterau sind gespickt mit kleinen Fitnesspr\u00fcfungen. Hier sollen nun auch Freundinnen und Freunde des Gravelbikes in die Gemeinschaft des organisierten Breitenradsportes hineinschuppern. Gerne, die Breitenradsportszene hat keine Scheuklappen. Unabh\u00e4ngig davon, dass zur &hellip; <a href=\"https:\/\/www.rc03-ilbenstadt.de\/?page_id=11259\">Weiterlesen <span class=\"meta-nav\">&rarr;<\/span><\/a><\/p>\n","protected":false},"author":9,"featured_media":0,"parent":11204,"menu_order":4,"comment_status":"closed","ping_status":"closed","template":"","meta":{"_crdt_document":"","footnotes":""},"class_list":["post-11259","page","type-page","status-publish","hentry"],"_links":{"self":[{"href":"https:\/\/www.rc03-ilbenstadt.de\/index.php?rest_route=\/wp\/v2\/pages\/11259","targetHints":{"allow":["GET"]}}],"collection":[{"href":"https:\/\/www.rc03-ilbenstadt.de\/index.php?rest_route=\/wp\/v2\/pages"}],"about":[{"href":"https:\/\/www.rc03-ilbenstadt.de\/index.php?rest_route=\/wp\/v2\/types\/page"}],"author":[{"embeddable":true,"href":"https:\/\/www.rc03-ilbenstadt.de\/index.php?rest_route=\/wp\/v2\/users\/9"}],"replies":[{"embeddable":true,"href":"https:\/\/www.rc03-ilbenstadt.de\/index.php?rest_route=%2Fwp%2Fv2%2Fcomments&post=11259"}],"version-history":[{"count":6,"href":"https:\/\/www.rc03-ilbenstadt.de\/index.php?rest_route=\/wp\/v2\/pages\/11259\/revisions"}],"predecessor-version":[{"id":11404,"href":"https:\/\/www.rc03-ilbenstadt.de\/index.php?rest_route=\/wp\/v2\/pages\/11259\/revisions\/11404"}],"up":[{"embeddable":true,"href":"https:\/\/www.rc03-ilbenstadt.de\/index.php?rest_route=\/wp\/v2\/pages\/11204"}],"wp:attachment":[{"href":"https:\/\/www.rc03-ilbenstadt.de\/index.php?rest_route=%2Fwp%2Fv2%2Fmedia&parent=11259"}],"curies":[{"name":"wp","href":"https:\/\/api.w.org\/{rel}","templated":true}]}}

Frühjahrstouren 2023 &#8211; Ausschreibung Graveltourenfahrt (GTF)

<p>Die moderaten Frühjahrstouren in der sanften Hügellandschaft der Wetterau sind gespickt mit kleinen Fitnessprüfungen. Hier sollen nun auch Freundinnen und Freunde des Gravelbikes in die Gemeinschaft des organisierten Breitenradsportes hineinschuppern. Gerne, die Breitenradsportszene hat keine Scheuklappen. Unabhängig davon, dass zur RTF ein Rennrad gehört, zur CTF ein Mountainbike, haben Räder fast jeder Couleur die Spartengrenzen überschritten, ohne dass daran Anstoß genommen wurde. Eigene Erfahrungen mit einem Querfeldeinrad, auch Cyclocrossbike genannt, sind seit über 15 Jahren vorhanden und lassen Grenzen verschwimmen.<br />
Auch wenn das Graveln im BDR und seinen Verbänden erst jetzt  entdeckt wird, wird man feststellen, dass es schon längst da ist &#8230;</p>
<p>Wir bieten Graveltouren über 51 und 79 Kilometer im Herzen der Wetterau, geführt auf Wirtschaftswegen mit wechselnden Untergründen an. Zwei Servicepunkte auf dem Glauberg und in Melbach liegen auf der Tour. 631 und 848 Höhenmeter wurden &#8222;versteckt&#8220;. Wer es entspannter haben möchte, kann sich auf unseren ausgeschilderten Gravel-CTF austoben.<br />
Die Touren sind nicht ausgeschildert und werden nach GPS-Daten gefahren.</p>
<p>Wir laden herzlich in die tolle Landschaft der Wetterau ein.</p>
<p><strong>Gegenüber dem Vorjahr wurde die Strecke nur marginal geändert. In diesem Jahr kommt die kürzere Strecke mit 51 Kilometern hinzu, die über den Glauberg geführt wird.</strong></p>
<p>Die Strecken können noch variieren; die Genehmigung der Unteren Naturschutzbehörde und des Hessen Forst stehen noch aus.</p>
<table class=" aligncenter">
<tbody>
<tr>
<td style="text-align: left; vertical-align: middle;" scope="col"><span style="color: #ff0000;"><strong>NEUE Version<br />NEUE und GEPRÜFTE Funktionalitäten<br /></strong></span></p>
<p><a href="https://www.rc03-ilbenstadt.de/wp-content/uploads/2015/03/scanbike-Logo_rechts-high-95px.jpg" target="_blank"  rel="lightbox[11259] noopener noreferrer"><img loading="lazy" decoding="async" class="aligncenter wp-image-3511 size-thumbnail" src="https://www.rc03-ilbenstadt.de/wp-content/uploads/2015/03/scanbike-Logo_rechts-high-95px.jpg" alt="" width="150" height="150" /></a></td>
<td style="text-align: left; vertical-align: middle;"><strong>Wir setzen zur Abwicklung der Veranstaltung das neue <a href="https://scan.bike/" target="_blank" rel="noopener">scan+bike</a> mit neuen,  geprüften und veranstaltungserprobten Funktionalitäten ein.</strong><br />
Du kannst Dich bereits heute über den zentralen Veranstaltungs-QR-Code mit Deinen persönliche Daten auf Deinem  Smartphon/Handy registrieren. Am Veranstaltungsort scannst Du diesen QR-Code erneut, es wird erkannt an welcher Veranstaltung Du teilnimmst &#8211; Standortsuche muss während des Anmeldeprocederes freigegeben sein &#8211; und mit dem Anmeldeclick werden ohne Zeitverzug Deine Startunterlagen gedruckt. Nach dem Entrichten des Startgeldes kannst Du gleich auf eine unserer Strecken.<br />
<a href="https://www.rc03-ilbenstadt.de/wp-content/uploads/2023/01/SB_2023_QR_CODE_Legende.jpg" target="_blank"  rel="lightbox[11259] noopener noreferrer"><img loading="lazy" decoding="async" class="aligncenter wp-image-11308 size-thumbnail" src="https://www.rc03-ilbenstadt.de/wp-content/uploads/2023/01/SB_2023_QR_CODE_Legende.jpg" alt="" width="878" height="316" srcset="https://www.rc03-ilbenstadt.de/wp-content/uploads/2023/01/SB_2023_QR_CODE_Legende.jpg 878w, https://www.rc03-ilbenstadt.de/wp-content/uploads/2023/01/SB_2023_QR_CODE_Legende-300x108.jpg 300w, https://www.rc03-ilbenstadt.de/wp-content/uploads/2023/01/SB_2023_QR_CODE_Legende-768x276.jpg 768w" sizes="auto, (max-width: 878px) 100vw, 878px" /></a><br />
Zum Vergrößern bitte den QR-Code anklicken.</p>
<p><strong>Wir freuen uns auf Dich!</strong></td>
</tr>
<tr>
<td>Start:</td>
<td><strong>Sonntag, den 19. März 2023, 08.00 Uhr – 10:00 Uhr</strong></td>
</tr>
<tr>
<td>Startort:</td>
<td><strong>Turnhalle Ilbenstadt (Sportplatz)<br />
Schulstraße 1, 61194 Niddatal-Ilbenstadt</strong></td>
</tr>
<tr>
<td>Sternfahrten:</td>
<td>Wir lassen bei Graveltouren keine Sternfahrten zu. </td>
</tr>
<tr>
<td>Strecken:</td>
<td><strong>51 km und 79 km können bewältigt werden</strong></td>
</tr>
<tr>
<td>Auszeichnungen (Gemeinsame Wertung mit CTF):</td>
<td><strong>Bis 3 Auszeichnungen für die größten BDR-Mannschaften<br />
Bis 3 Auszeichnungen für die größten Privatmannschaften</strong></td>
</tr>
<tr>
<td>Unsere Strecken im Internet</td>
<td>Wir stellen unsere Strecken auf dem freien Onlinetool uMap (https://www.umap/openstreetmap/fr/de) und Komoot zur Verfügung.</p>
<p>Hier geht es zu unserer <a href="https://www.rc03-ilbenstadt.de/?page_id=11204" rel="noopener noreferrer"><strong>Kartenübersicht (RTF, Gravel-CTF, GTF)</strong></a></td>
</tr>
<tr>
<td>GPX-Dateien<br />
direkt zum Download</td>
<td><strong><a href="https://rc03-ilbenstadt.de/GPX/GPX-GTF/RC03_Ilbenstadt_GTF_3_2023_51km_v6.gpx" target="_blank" rel="noopener noreferrer"> 51-Kilometer-Strecke/684 Hm</a><br />
<a href="https://rc03-ilbenstadt.de/GPX/GPX-GTF/RC03_Ilbenstadt_GTF_3_2023_79km_v6.gpx" target="_blank" rel="noopener noreferrer">79-Kilometer-Strecke/872 Hm</a></strong></td>
</tr>
<tr>
<td>Komoot:</td>
<td><a href="https://www.komoot.de/user/739636384356/tours" target="_blank" rel="noopener"><strong>=> Komoot Profil</strong></a></td>
</tr>
<tr>
<td>Teilnahmebedingungen:</td>
<td><strong><a href="https://www.rc03-ilbenstadt.de/?page_id=11242" target="_blank" rel="noopener noreferrer">Bitte hier klicken …</strong></a></td>
</tr>
<tr>
<td>Flyer zu den Frühjahrsradtouren:</td>
<td><strong>Flyer/Broschüre in Arbeit</strong></a><br />
Seiten für Broschürendruck zusammengestellt:<br />Doppelseitiger Druck, an Schmalseite wenden</td>
</tr>
</tbody>
</table>

<p>Die moderaten Frühjahrstouren in der sanften Hügellandschaft der Wetterau sind gespickt mit kleinen Fitnessprüfungen. Hier sollen nun auch Freundinnen und Freunde des Gravelbikes in die Gemeinschaft des organisierten Breitenradsportes hineinschuppern. Gerne, die Breitenradsportszene hat keine Scheuklappen. Unabhängig davon, dass zur &hellip; <a href="https://www.rc03-ilbenstadt.de/?page_id=11259">Weiterlesen <span class="meta-nav">&rarr;</span></a></p>
