{"id":11991,"date":"2024-01-29T13:41:54","date_gmt":"2024-01-29T12:41:54","guid":{"rendered":"https:\/\/www.rc03-ilbenstadt.de\/?page_id=11991"},"modified":"2024-03-16T21:03:33","modified_gmt":"2024-03-16T20:03:33","slug":"fruehjahrsradtouren-2024-rtf-ctf-und-gravelride-bisher-gtf-strecken","status":"publish","type":"page","link":"https:\/\/www.rc03-ilbenstadt.de\/?page_id=11991","title":{"rendered":"Fr\u00fchjahrsradtouren 2024 &#8211; RTF-, CTF- und Gravelride- (bisher GTF)-Strecken"},"content":{"rendered":"<p>Auf dieser Seite haben wir alle Strecken unserer Fr\u00fchjahrsradtouren eingestellt.<br \/>\nWir w\u00fcnschen viel Spa\u00df beim St\u00f6bern und in der Vorbereitung. Z\u00f6gert nicht zu uns Kontakt aufzunehmen, wenn Ihr Fragen habt oder Probleme im Streckenverlauf auftauchen sollten.<\/p>\n<p><strong>F\u00fcr die Darstellung unserer Strecken im Planungsprozess haben wir das OpenStreetMap-Projekt Umap gew\u00e4hlt.<\/strong>  Die Strecken von RTF, CTF und Graveltourenfahrt (GTF), beziehungsweise Gravelride, sind jeweils auf einer Karte geb\u00fcndelt, aber auf verschiedenen Ebenen eingestellt. Damit l\u00e4sst sich die gew\u00fcnschte Tour &#8222;freistellen&#8220; indem die anderen ausgeblendet werden. Versucht das mal am linken Kartenrand, dr\u00fcckt im Men\u00fc auf den &#8222;M\u00fcnzstapel&#8220; und blendet die Strecken mit dem Augensymbol ein oder aus.<br \/>\n<strong>Nat\u00fcrlich tragen wir Euch Komoot-Nutzerinnen und Nutzern und auch dem BDR mit seinem strategischen Partner Komoot Rechnung und ver\u00f6ffentlichen auch auf diesem Portal die Strecken. Diese werden in den n\u00e4chsten Tagen eingestellt.<\/strong><\/p>\n<p><strong><span style=\"color: #ff0000;\">Die Strecken sind vereinsintern gepr\u00fcft und gehen jetzt in den beh\u00f6rdlichen Genehmigungsprozess. Sie k\u00f6nnen noch variieren.  \u00c4nderungen werden hier eingestellt:<br \/>\n115-Kilometer-RTF-Strecke:<br \/>\nVollsperrung in Ober-Widdersheim; Umfahrung \u00fcber Steinheim, Rabertshausen nach Ulfa<br \/>\n70 -Kilometer-CTF-Strecke: Strecken\u00e4nderung wegen teilweiser Unbefahrbarkeit zwischen Kilometer 25 und 30.<br \/>\n<\/span><\/strong><\/p>\n<p>Die nachstehenden Kartenausschnitte erlauben das Zoomen mit dem Mausrad.<\/p>\n<p><strong>Gesamt\u00fcbersicht<\/strong><br \/>\nAuf den ersten und zweiten Blick sehr verwirrend. Am Besten geht ihr gleich weiter zu RTF-, CTF- oder GTF-Strecken.<br \/>\n<strong>Kartendarstellung:<\/strong><br \/>\n<a href=\"http:\/\/umap.openstreetmap.fr\/de\/map\/rc03_ilbenstadt_fruehjahrsradtouren_3_2024_gesamt_1012601#12\/50.3815\/8.9113\" target=\"_blank\" rel=\"noopener\">RC03_Fr\u00fchjahrsradtouren 2024<br \/>(Vollbildanzeige)<\/a><br \/>\n<iframe loading=\"lazy\" width=\"200%\" height=\"300px\" frameborder=\"0\" allowfullscreen allow=\"geolocation\" src=\"\/\/umap.openstreetmap.fr\/de\/map\/rc03_ilbenstadt_fruehjahrsradtouren_3_2024_gesamt_1012601?scaleControl=true&#038;miniMap=false&#038;scrollWheelZoom=true&#038;zoomControl=true&#038;editMode=disabled&#038;moreControl=true&#038;searchControl=true&#038;tilelayersControl=true&#038;embedControl=null&#038;datalayersControl=true&#038;onLoadPanel=undefined&#038;captionBar=false&#038;captionMenus=true&#038;datalayers=3127324%2C3127325%2C3127326%2C3127327%2C3127328%2C3127329%2C3127330%2C3127331%2C3127332%2C3127333%2C3127334&#038;fullscreenControl=true&#038;measureControl=true&#038;locateControl=true#12\/50.3815\/8.9113\"><\/iframe><\/p>\n<p><strong>RTF-Strecken<\/strong><br \/>\n<strong>Streckendownload f\u00fcr Navigationsger\u00e4te:<\/strong><\/p>\n<ul>\n<li><a href=\"https:\/\/rc03-ilbenstadt.de\/GPX\/GPX-RTF\/RC03_Ilbenstadt_RTF_3_2024_115km.gpx\" target=\"_blank\" rel=\"noopener noreferrer\">Tour 3 &#8211; 115-Kilometer-Strecke\/915 Hm<\/a><\/li>\n<li><a href=\"https:\/\/rc03-ilbenstadt.de\/GPX\/GPX-RTF\/RC03_Ilbenstadt_RTF_3_2024_72km.gpx\" target=\"_blank\" rel=\"noopener noreferrer\">Tour 2 &#8211; 72-Kilometer-Strecke\/610 Hm<\/a><\/li>\n<li><a href=\"https:\/\/rc03-ilbenstadt.de\/GPX\/GPX-RTF\/RC03_Ilbenstadt_RTF_3_2024_42km.gpx\" target=\"_blank\" rel=\"noopener noreferrer\"> Tour 1 &#8211; 42-Kilometer-Strecke\/277 Hm<\/a><\/li>\n<li><a href=\"https:\/\/www.komoot.com\/de-de\/tour\/1472278954?ref=wtd&#038;share_token=abHZ3FMgYtU8m9SIMLKVC7oSd5N2TjY5pDX8Wo4TSqNVx8qq9f\" target=\"_blank\" rel=\"noopener noreferrer\">Tour 3 &#8211; 115-Kilometer-Strecke\/915 Hm (Komoot)<\/a><\/li>\n<li><a href=\"https:\/\/www.komoot.com\/de-de\/tour\/1472277995?ref=wtd&#038;share_token=aRXuZBich3JSv45qG1eeui91FaAd5QEaO3kfed5q96tlHJcr7c\" target=\"_blank\" rel=\"noopener noreferrer\">Tour 2 &#8211; 72-Kilometer-Strecke\/610 Hm (Komoot)<\/a><\/li>\n<li><a href=\"https:\/\/www.komoot.com\/de-de\/tour\/1472277263?ref=wtd&#038;share_token=azKwWTFlLfQkNc6KrjqPlfFsl8ksdLwoRYZrooQGKKNBND66k8\" target=\"_blank\" rel=\"noopener noreferrer\"> Tour 1 &#8211; 42-Kilometer-Strecke\/277 Hm (Komoot)<\/a><\/li>\n<\/ul>\n<p><strong>Kartendarstellung:<\/strong><br \/>\n<a href=\"http:\/\/umap.openstreetmap.fr\/de\/map\/rc03_ilbenstadt_rtf_3_2024_gesamt_1012606#11\/50.3674\/8.8785\" target=\"_blank\" rel=\"noopener\">RC03_Fr\u00fchjahrs-RTF_2024 &#8211; Alle Strecken<br \/>(Vollbildanzeige)<\/a><br \/>\n<iframe loading=\"lazy\" width=\"200%\" height=\"300px\" frameborder=\"0\" allowfullscreen allow=\"geolocation\" src=\"\/\/umap.openstreetmap.fr\/de\/map\/rc03_ilbenstadt_rtf_3_2024_gesamt_1012606?scaleControl=true&#038;miniMap=false&#038;scrollWheelZoom=true&#038;zoomControl=true&#038;editMode=disabled&#038;moreControl=true&#038;searchControl=true&#038;tilelayersControl=true&#038;embedControl=null&#038;datalayersControl=true&#038;onLoadPanel=undefined&#038;captionBar=false&#038;captionMenus=true&#038;datalayers=3127340%2C3127341%2C3127342%2C3127343&#038;fullscreenControl=true&#038;locateControl=true&#038;measureControl=true#11\/50.3674\/8.8785\"><\/iframe><\/p>\n<p><strong>CTF-Strecken<\/strong><br \/>\n<strong>Streckendownload f\u00fcr Navigationsger\u00e4te:<\/strong><\/p>\n<ul>\n<li><a href=\"https:\/\/rc03-ilbenstadt.de\/GPX\/GPX-CTF\/RC03_Ilbenstadt_CTF_3_2024_70km_v2.gpx\" target=\"_blank\" rel=\"noopener noreferrer\"> Tour 3 &#8211; 70-Kilometer-Strecke\/566 Hm<\/a><\/li>\n<li><a href=\"https:\/\/rc03-ilbenstadt.de\/GPX\/GPX-CTF\/RC03_Ilbenstadt_CTF_3_2024_55km.gpx\" target=\"_blank\" rel=\"noopener noreferrer\"> Tour 2 &#8211; 55-Kilometer-Strecke\/399 Hm<\/a><\/li>\n<li><a href=\"https:\/\/rc03-ilbenstadt.de\/GPX\/GPX-CTF\/RC03_Ilbenstadt_CTF_3_2024_37km.gpx\" target=\"_blank\" rel=\"noopener noreferrer\"> Tour 1 &#8211; 37-Kilometer-Strecke\/250 Hm<\/a><\/li>\n<li><a href=\"https:\/\/www.komoot.com\/de-de\/tour\/1472276116?ref=wtd&#038;share_token=adGs0G49X7CnDqp57Q0pwKirDZxCdT01GAIUFTlsbUg95E5F1H\" target=\"_blank\" rel=\"noopener noreferrer\"> Tour 3 &#8211; 70-Kilometer-Strecke\/566 Hm (Komoot)<\/a><\/li>\n<li><a href=\"https:\/\/www.komoot.com\/de-de\/tour\/1472275104?ref=wtd&#038;share_token=arFL4WKWtfgJhMGbwvMphdfiybNQX1qYJnYbSvdmnHs4HJ1Lan\" target=\"_blank\" rel=\"noopener noreferrer\"> Tour 2 &#8211; 55-Kilometer-Strecke\/399 Hm (Komoot)<\/a><\/li>\n<li><a href=\"https:\/\/www.komoot.com\/de-de\/tour\/1472274473?ref=wtd&#038;share_token=at3bT68QrbqvLxJfThyGvR72rcthLAKG0EgeV8YiKrW4vEBLFU\" target=\"_blank\" rel=\"noopener noreferrer\"> Tour 1 &#8211; 37-Kilometer-Strecke\/250 Hm (Komoot)<\/a><\/li>\n<\/ul>\n<p><strong>Kartendarstellung:<\/strong><br \/>\n<a href=\"http:\/\/umap.openstreetmap.fr\/de\/map\/rc03_ilbenstadt_ctf_3_2024_gesamt_1012659#11\/50.3674\/8.8785\" target=\"_blank\" rel=\"noopener\">RC03_Fr\u00fchjahrs-CTF_2024 &#8211; Alle Strecken<br \/>(Vollbildanzeige)<\/a><br \/>\n<iframe loading=\"lazy\" width=\"200%\" height=\"300px\" frameborder=\"0\" allowfullscreen allow=\"geolocation\" src=\"\/\/umap.openstreetmap.fr\/de\/map\/rc03_ilbenstadt_ctf_3_2024_gesamt_1012659?scaleControl=true&#038;miniMap=false&#038;scrollWheelZoom=true&#038;zoomControl=true&#038;editMode=disabled&#038;moreControl=true&#038;searchControl=true&#038;tilelayersControl=true&#038;embedControl=null&#038;datalayersControl=true&#038;onLoadPanel=undefined&#038;captionBar=false&#038;captionMenus=true&#038;datalayers=3127518%2C3127515%2C3127516%2C3127517&#038;fullscreenControl=true&#038;measureControl=true#11\/50.3674\/8.8785\"><\/iframe><\/p>\n<p><strong>GTF-Strecke (Graveltour &#8211; Neu: Gravelride)<\/strong><br \/>\n<span style=\"color: #ff0000;\">Die GTF \/der Gravelride wird <strong>nicht<\/strong> ausgeschildert und ist nach GPS-Daten zu fahren. Beschilderungen anderer Touren sind mit Ausnahme der Servicestellen Melbach und der Keltenwelt zu ignorieren.<\/span><br \/>\n<strong>Streckendownload f\u00fcr Navigationsger\u00e4te:<\/strong><\/p>\n<ul>\n<li><a href=\"https:\/\/rc03-ilbenstadt.de\/GPX\/GPX-GTF\/RC03_Ilbenstadt_GTF_3_2024_79km.gpx\" target=\"_blank\" rel=\"noopener noreferrer\"> Gravelride &#8211; 79-Kilometer-Strecke\/891 Hm<\/a><\/li>\n<li><a href=\"https:\/\/rc03-ilbenstadt.de\/GPX\/GPX-GTF\/RC03_Ilbenstadt_GTF_3_2024_50km.gpx\" target=\"_blank\" rel=\"noopener noreferrer\"> Gravelride &#8211; 50-Kilometer-Strecke\/688 Hm<\/a><\/li>\n<li><a href=\"https:\/\/www.komoot.com\/de-de\/tour\/1472273718?ref=wtd&#038;share_token=au6gL4ZFZKcQ6gfMpfNNYcrrRt7ER8h53Yq0rh2SDdubiwqkUl\" target=\"_blank\" rel=\"noopener noreferrer\"> Gravelride &#8211; 79-Kilometer-Strecke\/891 Hm (Komoot)<\/a><\/li>\n<li><a href=\"https:\/\/www.komoot.com\/de-de\/tour\/1472272421?ref=wtd&#038;share_token=a8WieNDVwTfQeG9LAc4OypVJgj9Xw46X5wMTxYTHWX5aHZiAkB\" target=\"_blank\" rel=\"noopener noreferrer\"> Gravelride &#8211; 50-Kilometer-Strecke\/688 Hm (Komoot)<\/a><\/li>\n<\/ul>\n<p><strong>Kartendarstellung:<\/strong><br \/>\n<a href=\"http:\/\/umap.openstreetmap.fr\/de\/map\/rc03_ilbenstadt_gtf_3_2024_gesamt_1012620#11\/50.3674\/8.8785\" target=\"_blank\" rel=\"noopener\">RC03-Gravelride 2024<br \/>(Vollbildanzeige)<\/a><br \/>\n<iframe loading=\"lazy\" width=\"200%\" height=\"300px\" frameborder=\"0\" allowfullscreen allow=\"geolocation\" src=\"\/\/umap.openstreetmap.fr\/de\/map\/rc03_ilbenstadt_gtf_3_2024_gesamt_1012620?scaleControl=true&#038;miniMap=false&#038;scrollWheelZoom=true&#038;zoomControl=true&#038;editMode=disabled&#038;moreControl=true&#038;searchControl=true&#038;tilelayersControl=true&#038;embedControl=null&#038;datalayersControl=true&#038;onLoadPanel=undefined&#038;captionBar=false&#038;captionMenus=true&#038;datalayers=3127384%2C3127382%2C3127383&#038;fullscreenControl=true&#038;locateControl=true&#038;measureControl=true#11\/50.3674\/8.8785\"><\/iframe><\/p>\n","protected":false},"excerpt":{"rendered":"<p>Auf dieser Seite haben wir alle Strecken unserer Fr\u00fchjahrsradtouren eingestellt. Wir w\u00fcnschen viel Spa\u00df beim St\u00f6bern und in der Vorbereitung. Z\u00f6gert nicht zu uns Kontakt aufzunehmen, wenn Ihr Fragen habt oder Probleme im Streckenverlauf auftauchen sollten. F\u00fcr die Darstellung unserer &hellip; <a href=\"https:\/\/www.rc03-ilbenstadt.de\/?page_id=11991\">Weiterlesen <span class=\"meta-nav\">&rarr;<\/span><\/a><\/p>\n","protected":false},"author":9,"featured_media":0,"parent":12053,"menu_order":1,"comment_status":"closed","ping_status":"closed","template":"","meta":{"_crdt_document":"","footnotes":""},"class_list":["post-11991","page","type-page","status-publish","hentry"],"_links":{"self":[{"href":"https:\/\/www.rc03-ilbenstadt.de\/index.php?rest_route=\/wp\/v2\/pages\/11991","targetHints":{"allow":["GET"]}}],"collection":[{"href":"https:\/\/www.rc03-ilbenstadt.de\/index.php?rest_route=\/wp\/v2\/pages"}],"about":[{"href":"https:\/\/www.rc03-ilbenstadt.de\/index.php?rest_route=\/wp\/v2\/types\/page"}],"author":[{"embeddable":true,"href":"https:\/\/www.rc03-ilbenstadt.de\/index.php?rest_route=\/wp\/v2\/users\/9"}],"replies":[{"embeddable":true,"href":"https:\/\/www.rc03-ilbenstadt.de\/index.php?rest_route=%2Fwp%2Fv2%2Fcomments&post=11991"}],"version-history":[{"count":7,"href":"https:\/\/www.rc03-ilbenstadt.de\/index.php?rest_route=\/wp\/v2\/pages\/11991\/revisions"}],"predecessor-version":[{"id":12929,"href":"https:\/\/www.rc03-ilbenstadt.de\/index.php?rest_route=\/wp\/v2\/pages\/11991\/revisions\/12929"}],"up":[{"embeddable":true,"href":"https:\/\/www.rc03-ilbenstadt.de\/index.php?rest_route=\/wp\/v2\/pages\/12053"}],"wp:attachment":[{"href":"https:\/\/www.rc03-ilbenstadt.de\/index.php?rest_route=%2Fwp%2Fv2%2Fmedia&parent=11991"}],"curies":[{"name":"wp","href":"https:\/\/api.w.org\/{rel}","templated":true}]}}