{"id":12026,"date":"2024-01-30T10:06:56","date_gmt":"2024-01-30T09:06:56","guid":{"rendered":"https:\/\/www.rc03-ilbenstadt.de\/?page_id=12026"},"modified":"2024-03-16T21:30:32","modified_gmt":"2024-03-16T20:30:32","slug":"fruehjahrstouren-2024-ausschreibung-ctf","status":"publish","type":"page","link":"https:\/\/www.rc03-ilbenstadt.de\/?page_id=12026","title":{"rendered":"Fr\u00fchjahrsradtouren 2024 \u2013 Ausschreibung CTF"},"content":{"rendered":"<p>Die moderaten Fr\u00fchjahrstouren in der sanften H\u00fcgellandschaft der Wetterau sind gespickt mit kleinen Fitnesspr\u00fcfungen. An eine CTF werden viele unterschiedliche Erwartungen gekn\u00fcpft. Den einen kann es nicht steil genug sein, Singletrails und Wurzelpassagen sind willkommen. Andere sind mit solchen Touren teilweise auch schon in der Steuerkunst \u00fcberfordert und n\u00e4hern sich in ihrer Leistungskurve dem roten Bereich. Wir sind in der gl\u00fccklichen Lage, moderate Touren anbieten zu k\u00f6nnen, die in der 70-Kilometervariante immerhin  mit 587 H\u00f6henmetern aufwartet. So flach ist dann die Wetterau auch wieder nicht. Gravelfreundinnen und -freunde sind auch auf den CTF-Touren willkommen; sie finden hier gegen\u00fcber unseren Gravelrunden mit 50 und 688 H\u00f6henmetern sowie 79 Kilometern und 891 H\u00f6henmetern die entspannteren Touren. <\/p>\n<p>Wir laden herzlich in die tolle Landschaft der Wetterau ein.<\/p>\n<p><strong>Gegen\u00fcber den Vorjahren haben wir die Streckenf\u00fchrung weiter optimiert.<\/strong><\/p>\n<p>Die Strecken k\u00f6nnen noch variieren; die Touren sind beim Wetteraukreis und Hessen Forst und Privatwaldbesitzern angezeigt. R\u00fcckmeldungen stehen noch aus.<\/p>\n<table class=\" aligncenter\">\n<tbody>\n<tr>\n<td style=\"text-align: left; vertical-align: middle;\" scope=\"col\"><span style=\"color: #ff0000;\"><strong>NEU<br \/>App &#8222;BDR Touren&#8220;<br \/><\/strong><\/span><br \/>\n<a href=\"https:\/\/www.rc03-ilbenstadt.de\/wp-content\/uploads\/2024\/01\/BDR_Touren_App_Symbol.jpg\" target=\"_blank\"  rel=\"lightbox[12026] noopener noreferrer\"><img loading=\"lazy\" decoding=\"async\" class=\"aligncenter wp-image-12008 size-thumbnail\" src=\"https:\/\/www.rc03-ilbenstadt.de\/wp-content\/uploads\/2024\/01\/BDR_Touren_App_Symbol.jpg\" alt=\"\" width=\"150\" height=\"150\" \/><\/a><\/td>\n<td style=\"text-align: left; vertical-align: middle;\"><strong>Wir setzen zur Abwicklung unserer Veranstaltung die neue App &#8222;BDR Touren&#8220;<\/strong><br \/>\nNat\u00fcrlich k\u00f6nnen wir nach wie vor bew\u00e4hrte, aber mit einem langsameren Procedere verbundene Zettelwirtschaft f\u00fcr Deine Registrierung, Deine Startunterlagen und letztlich f\u00fcr die Auswertung einsetzen. Wir bevorzugen jedoch ein schnelles, ein digitales Verfahren \u00fcber die neue App &#8222;BDR Touren&#8220;. Neben Deiner umfassenden Information rund um den Breitenradsport erfolgt die Registrierung zur RTF inklusive der Auswertung \u00fcber das Ein- und Auschecken mittels Deines QR-Codes, der von der App auf Deinem Smartphon generiert wird und der Dich durch die gesamte Radsportsaison begleitet. Lass Dich \u00fcberzeugen.<br \/>\nLade die App aus dem Google Play Store oder aus dem Appel App Store und auf geht es. Schon der Basisaccount \u00f6ffnet Dir den schnellen Zugang zu RTF, CTF oder dem Gravelride. Als Mitglied eines BDR-Vereines erweitert sich die Funktionalit\u00e4t der App, bietet Dir zum Beispiel umfangreiche Auswertem\u00f6glichkeiten und sichert Dir einen Startgeldvorteil. Mehr Informationen findest Du im <a href=\"https:\/\/www.rc03-ilbenstadt.de\/RC03_BDR_App\/BDR_Touren_App_Flyer_opt.pdf\" rel=\"noopener noreferrer\"><strong>Flyer zur &#8222;BDR Touren&#8220;-App<\/strong><\/a>.<\/p>\n<p>Erg\u00e4nzend zur digitalen Registrierung erh\u00e4ltst Du von uns eine Startkarte mit detailliertem Streckenverlauf &#8211; das Technikversagen verliert seinen Schrecken! &#8211; und eine verpflichtend zu tragende R\u00fcckennummer (Unser Wunsch und Auflage der Genehmigungsbeh\u00f6rde). Zur Befestigung der R\u00fcckennummer halten wir Sicherheitsnadeln vor, besser geht es jedoch mit Hosentr\u00e4gerklammern oder einem Startband.<\/p>\n<p><strong>Wir freuen uns auf Dich!<\/strong><\/td>\n<\/tr>\n<tr>\n<td>Start:<\/td>\n<td><strong>Sonntag, den 17. M\u00e4rz 2024<br \/>\n08.00 Uhr \u2013 10:00 Uhr &#8211; Tour 3 (70 km)<br \/>\n08:00 Uhr &#8211; 11:00 Uhr &#8211; Touren 1 (37 km) und 2 (55 km)<\/strong><\/td>\n<\/tr>\n<tr>\n<td>Startort:<\/td>\n<td><strong>Turnhalle Ilbenstadt (Sportplatz)<br \/>\nSchulstra\u00dfe 1, 61194 Niddatal-Ilbenstadt<\/strong><\/td>\n<\/tr>\n<tr>\n<td>Strecken:<\/td>\n<td><strong>37 km, 55 km und 70 km k\u00f6nnen bew\u00e4ltigt werden<\/strong><\/td>\n<\/tr>\n<tr>\n<td>Auszeichnungen:<\/td>\n<td><strong>Bis 3 Auszeichnungen f\u00fcr die gr\u00f6\u00dften BDR-Mannschaften<br \/>\nBis 3 Auszeichnungen f\u00fcr die gr\u00f6\u00dften Privatmannschaften<\/strong><\/td>\n<\/tr>\n<tr>\n<td>Unsere Strecken<br \/>\nim Internet<\/td>\n<td>Wir stellen unsere Strecken auf dem freien Onlinetool uMap (https:\/\/www.umap\/openstreetmap\/fr\/de) &#8211; unser Planungs- und Arbeitstool sowie Komoot zur Verf\u00fcgung.<br \/>\nHier geht es zu unserern Karten\u00fcbersichten RTF, CTF und Gravelride:<br \/>\n<a href=\"https:\/\/www.rc03-ilbenstadt.de\/?page_id=12038\" rel=\"noopener noreferrer\"><strong>Karten\u00fcbersichten in uMap<\/strong><\/a><br \/>\n<a href=\"https:\/\/www.komoot.com\/de-de\/collection\/2613234\/-fruehjahrsradtouren-2024-rtf-ctf-und-gravelride-bisher-gtf-strecken\" rel=\"noopener noreferrer\"><strong>Karten\u00fcbersichten in Komoot<\/strong><\/a><\/td>\n<\/tr>\n<tr>\n<td>GPX-Dateien<br \/>\ndirekt zum Download<\/td>\n<td><strong><a href=\"https:\/\/rc03-ilbenstadt.de\/GPX\/GPX-CTF\/RC03_Ilbenstadt_CTF_3_2024_37km.gpx\" target=\"_blank\" rel=\"noopener noreferrer\"> 37-Kilometer-Strecke\/250 Hm<\/a><br \/>\n<a href=\"https:\/\/rc03-ilbenstadt.de\/GPX\/GPX-CTF\/RC03_Ilbenstadt_CTF_3_2024_55km.gpx\" target=\"_blank\" rel=\"noopener noreferrer\">55-Kilometer-Strecke\/399 Hm<\/a><br \/>\n<a href=\"https:\/\/rc03-ilbenstadt.de\/GPX\/GPX-CTF\/RC03_Ilbenstadt_CTF_3_2024_70km_v2.gpx\" target=\"_blank\" rel=\"noopener noreferrer\">70-Kilometer-Strecke\/566 Hm<\/a><\/strong><\/td>\n<\/tr>\n<tr>\n<td>Kommot Links<\/td>\n<td><strong><a href=\"https:\/\/www.komoot.com\/de-de\/tour\/1472274473?ref=wtd&#038;share_token=at3bT68QrbqvLxJfThyGvR72rcthLAKG0EgeV8YiKrW4vEBLFU\" target=\"_blank\" rel=\"noopener noreferrer\"> 37-Kilometer-Strecke\/250 Hm<\/a><br \/>\n<a href=\"https:\/\/www.komoot.com\/de-de\/tour\/1472275104?ref=wtd&#038;share_token=arFL4WKWtfgJhMGbwvMphdfiybNQX1qYJnYbSvdmnHs4HJ1Lan\" target=\"_blank\" rel=\"noopener noreferrer\">55-Kilometer-Strecke\/399 Hm<\/a><br \/>\n<a href=\"https:\/\/www.komoot.com\/de-de\/tour\/1472276116?ref=wtd&#038;share_token=adGs0G49X7CnDqp57Q0pwKirDZxCdT01GAIUFTlsbUg95E5F1H\" target=\"_blank\" rel=\"noopener noreferrer\">70-Kilometer-Strecke\/566 Hm<\/a><\/strong><\/td>\n<\/tr>\n<tr>\n<td>Teilnahmebedingungen:<\/td>\n<td><strong><a href=\"https:\/\/www.rc03-ilbenstadt.de\/?page_id=11242\" target=\"_blank\" rel=\"noopener noreferrer\">Bitte hier klicken \u2026<\/strong><\/a><\/td>\n<\/tr>\n<tr>\n<td>Flyer zu den Fr\u00fchjahrsradtouren (Gesamtdarstellung):<\/td>\n<td> <strong><a href=\"https:\/\/rc03-ilbenstadt.de\/RC03-Flyer\/RC03_RTF_CTF_GTF_3_2024_Flyer_v1_FINAL_opt.pdf\" target=\"_blank\" rel=\"noopener\"> Flyer in Einzelblattdarstellung f\u00fcr RTF, CTF und GR (= 12 Seiten)<\/strong><\/a><br \/>\nWir empfehlen auf einen Ausdruck grunds\u00e4tzlich zu verzichten oder nur einen Teilausdruck vorzunehmen.<br \/>\n<strong><a href=\"https:\/\/rc03-ilbenstadt.de\/RC03-Flyer\/RC03_RTF_CTF_GTF_3_2024_Flyer_v1_Bro_FINAL_opt.pdf\" target=\"_blank\" rel=\"noopener\"> Flyer im Brosch\u00fcrendruck f\u00fcr RTF, CTF und GR (= 3 DIN-A4-Seiten)<\/strong><\/a><br \/>\nWir empfehlen auf einen Ausdruck grunds\u00e4tzlich zu verzichten oder die Brosch\u00fcre doppelseitig (auf kurzer Seite wenden) auf DIN A4-Papier auszudrucken. <\/td>\n<\/tr>\n<\/tbody>\n<\/table>\n<p><strong>Tourenkontrollfahrt f\u00fcr das Deutsche Radsportabzeichen!<\/strong><br \/>\nWenn Du das Deutsche Radsportabzeichen (DRA) erwerben m\u00f6chtest und dich am Start meldest, k\u00f6nnen wir Dir die gefahrene Zeit bescheinigen. Du kannst im Laufe des Jahres 2024 f\u00fcr das Radsportabzeichen auch beim RC03-Ilbenstadt trainieren. Unsere Pr\u00fcfer werden Deine Leistung abnehmen.<br \/>\nN\u00e4here Informationen zum DRA bekommst Du beim RC 03 Ilbenstadt oder\/und auf den Seiten des  <a href=\"https:\/\/www.rad-net.de\/radsportabzeichen.htm\" target=\"_blank\" rel=\"noopener\">Bundes Deutscher Radfahrer<\/a>.<\/p>\n","protected":false},"excerpt":{"rendered":"<p>Die moderaten Fr\u00fchjahrstouren in der sanften H\u00fcgellandschaft der Wetterau sind gespickt mit kleinen Fitnesspr\u00fcfungen. An eine CTF werden viele unterschiedliche Erwartungen gekn\u00fcpft. Den einen kann es nicht steil genug sein, Singletrails und Wurzelpassagen sind willkommen. Andere sind mit solchen Touren &hellip; <a href=\"https:\/\/www.rc03-ilbenstadt.de\/?page_id=12026\">Weiterlesen <span class=\"meta-nav\">&rarr;<\/span><\/a><\/p>\n","protected":false},"author":9,"featured_media":0,"parent":12053,"menu_order":3,"comment_status":"closed","ping_status":"closed","template":"","meta":{"_crdt_document":"","footnotes":""},"class_list":["post-12026","page","type-page","status-publish","hentry"],"_links":{"self":[{"href":"https:\/\/www.rc03-ilbenstadt.de\/index.php?rest_route=\/wp\/v2\/pages\/12026","targetHints":{"allow":["GET"]}}],"collection":[{"href":"https:\/\/www.rc03-ilbenstadt.de\/index.php?rest_route=\/wp\/v2\/pages"}],"about":[{"href":"https:\/\/www.rc03-ilbenstadt.de\/index.php?rest_route=\/wp\/v2\/types\/page"}],"author":[{"embeddable":true,"href":"https:\/\/www.rc03-ilbenstadt.de\/index.php?rest_route=\/wp\/v2\/users\/9"}],"replies":[{"embeddable":true,"href":"https:\/\/www.rc03-ilbenstadt.de\/index.php?rest_route=%2Fwp%2Fv2%2Fcomments&post=12026"}],"version-history":[{"count":4,"href":"https:\/\/www.rc03-ilbenstadt.de\/index.php?rest_route=\/wp\/v2\/pages\/12026\/revisions"}],"predecessor-version":[{"id":12188,"href":"https:\/\/www.rc03-ilbenstadt.de\/index.php?rest_route=\/wp\/v2\/pages\/12026\/revisions\/12188"}],"up":[{"embeddable":true,"href":"https:\/\/www.rc03-ilbenstadt.de\/index.php?rest_route=\/wp\/v2\/pages\/12053"}],"wp:attachment":[{"href":"https:\/\/www.rc03-ilbenstadt.de\/index.php?rest_route=%2Fwp%2Fv2%2Fmedia&parent=12026"}],"curies":[{"name":"wp","href":"https:\/\/api.w.org\/{rel}","templated":true}]}}