{"id":133,"date":"2010-02-21T13:54:16","date_gmt":"2010-02-21T12:54:16","guid":{"rendered":"http:\/\/dw71.net\/wp03\/?page_id=133"},"modified":"2022-08-11T01:09:52","modified_gmt":"2022-08-10T23:09:52","slug":"fruhjahrs-rtf-2010","status":"publish","type":"page","link":"https:\/\/www.rc03-ilbenstadt.de\/?page_id=133","title":{"rendered":"Veranstaltungen"},"content":{"rendered":"<p><strong>Unsere Herbst-RTF und -GTF (Graveltour) 2022<br \/>\n <strong><span style=\"color: #ff0000;\">Hier geht es zu den Ausschreibungen und Strecken:<\/span><\/strong><\/p>\n<ul>\n<li><a href=\"https:\/\/www.rc03-ilbenstadt.de\/?page_id=10825\" rel=\"noopener noreferrer\">Ank\u00fcndigung der Herbstradtouren<\/a><\/li>\n<li><a href=\"https:\/\/www.rc03-ilbenstadt.de\/?page_id=10892\" rel=\"noopener noreferrer\"><strong>Zur RTF-(Radtourenfahrt) Ausschreibung<\/strong><\/a><\/td>\n<\/li>\n<li> \t<a href=\"https:\/\/www.rc03-ilbenstadt.de\/?page_id=10894\" rel=\"noopener noreferrer\"><strong>Zur GTF- (Graveltourenfahrt-) Ausschreibung<\/strong><\/a><\/td>\n<\/li>\n<li><a href=\"https:\/\/www.rc03-ilbenstadt.de\/?page_id=10855\" rel=\"noopener noreferrer\"><strong>Zu den RTF- und GTF (Gravel-)-Strecken<\/strong><\/a><\/td>\n<\/li>\n<li><a href=\"https:\/\/www.rc03-ilbenstadt.de\/?page_id=10872\" rel=\"noopener noreferrer\"><strong>Zu den Teilnahmebedingungen<\/strong><\/a><\/td>\n<\/li>\n<\/ul>\n<p>  Wir w\u00fcnschen Euch ein \u00fcberw\u00e4ltigendes Radsporterlebnis im Fr\u00fchherbst der Saison<br \/>\n  sowie einen unfallfreien Verlauf.<\/p>\n<p>F\u00fcr das Orga-Team <\/p>\n<p>Wilhelm Schr\u00f6der<br \/>\nFachbereichsleiter Kommunikation und Sport (RTF\/CTF)<\/p>\n<p><strong>Unsere Fr\u00fchjahrstouren 2022<br \/>\nHier geht es zu den Ausschreibungen und Strecken:<\/p>\n<ul>\n<li><a href=\"https:\/\/www.rc03-ilbenstadt.de\/?page_id=10358\" rel=\"noopener noreferrer\">Ank\u00fcndigung der Fr\u00fchjahrstouren<\/a><\/li>\n<\/ul>\n<ul>\n Ausschreibungen:<\/p>\n<li><a href=\"https:\/\/www.rc03-ilbenstadt.de\/?page_id=10381\" rel=\"noopener noreferrer\">Ausschreibung RTF<\/a><\/li>\n<li><a href=\"https:\/\/www.rc03-ilbenstadt.de\/?page_id=10443\" rel=\"noopener noreferrer\">Ausschreibung-Gravel-CTF<\/a><\/li>\n<li><a href=\"https:\/\/www.rc03-ilbenstadt.de\/?page_id=10447\" rel=\"noopener noreferrer\">Ausschreibung-GTF (Graveltourenfahrt)<\/a><\/li>\n<\/ul>\n<ul>Strecken:<\/p>\n<li><a href=\"https:\/\/www.rc03-ilbenstadt.de\/?page_id=10387\" rel=\"noopener noreferrer\">RTF-Strecken<\/a><\/li>\n<li><a href=\"https:\/\/www.rc03-ilbenstadt.de\/?page_id=10387\" rel=\"noopener noreferrer\">Gravel-CTF-Strecken<\/a><\/li>\n<li><a href=\"https:\/\/www.rc03-ilbenstadt.de\/?page_id=10387\" rel=\"noopener noreferrer\">GTF-Strecke<\/a><\/li>\n<p><\/strong>\n<\/ul>\n<p> Hinweis:<br \/>\n Im Men\u00fc kommt Ihr auch \u00fcber die Punkte im Pull-Down-Men\u00fc zu den gew\u00fcnschten Seiten<\/p>\n<p>Wir w\u00fcnschen Euch einen freudigen Start in die neue Saison<br \/>\nsowie einen unfallfreien Verlauf.<\/p>\n<p>F\u00fcr das Orga-Team <\/p>\n<p>Wilhelm Schr\u00f6der<br \/>\nFachbereichsleiter Kommunikation und Sport (RTF\/CTF)<\/p>\n","protected":false},"excerpt":{"rendered":"<p>Unsere Herbst-RTF und -GTF (Graveltour) 2022 Hier geht es zu den Ausschreibungen und Strecken: Ank\u00fcndigung der Herbstradtouren Zur RTF-(Radtourenfahrt) Ausschreibung Zur GTF- (Graveltourenfahrt-) Ausschreibung Zu den RTF- und GTF (Gravel-)-Strecken Zu den Teilnahmebedingungen Wir w\u00fcnschen Euch ein \u00fcberw\u00e4ltigendes Radsporterlebnis im &hellip; <a href=\"https:\/\/www.rc03-ilbenstadt.de\/?page_id=133\">Weiterlesen <span class=\"meta-nav\">&rarr;<\/span><\/a><\/p>\n","protected":false},"author":9,"featured_media":0,"parent":0,"menu_order":4,"comment_status":"open","ping_status":"closed","template":"","meta":{"_crdt_document":"","footnotes":""},"class_list":["post-133","page","type-page","status-publish","hentry"],"_links":{"self":[{"href":"https:\/\/www.rc03-ilbenstadt.de\/index.php?rest_route=\/wp\/v2\/pages\/133","targetHints":{"allow":["GET"]}}],"collection":[{"href":"https:\/\/www.rc03-ilbenstadt.de\/index.php?rest_route=\/wp\/v2\/pages"}],"about":[{"href":"https:\/\/www.rc03-ilbenstadt.de\/index.php?rest_route=\/wp\/v2\/types\/page"}],"author":[{"embeddable":true,"href":"https:\/\/www.rc03-ilbenstadt.de\/index.php?rest_route=\/wp\/v2\/users\/9"}],"replies":[{"embeddable":true,"href":"https:\/\/www.rc03-ilbenstadt.de\/index.php?rest_route=%2Fwp%2Fv2%2Fcomments&post=133"}],"version-history":[{"count":5,"href":"https:\/\/www.rc03-ilbenstadt.de\/index.php?rest_route=\/wp\/v2\/pages\/133\/revisions"}],"predecessor-version":[{"id":10912,"href":"https:\/\/www.rc03-ilbenstadt.de\/index.php?rest_route=\/wp\/v2\/pages\/133\/revisions\/10912"}],"wp:attachment":[{"href":"https:\/\/www.rc03-ilbenstadt.de\/index.php?rest_route=%2Fwp%2Fv2%2Fmedia&parent=133"}],"curies":[{"name":"wp","href":"https:\/\/api.w.org\/{rel}","templated":true}]}}

<p><strong>Unsere Herbst-RTF und -GTF (Graveltour) 2022<br />
 <strong><span style="color: #ff0000;">Hier geht es zu den Ausschreibungen und Strecken:</span></strong></p>
<ul>
<li><a href="https://www.rc03-ilbenstadt.de/?page_id=10825" rel="noopener noreferrer">Ankündigung der Herbstradtouren</a></li>
<li><a href="https://www.rc03-ilbenstadt.de/?page_id=10892" rel="noopener noreferrer"><strong>Zur RTF-(Radtourenfahrt) Ausschreibung</strong></a></td>
</li>
<li> 	<a href="https://www.rc03-ilbenstadt.de/?page_id=10894" rel="noopener noreferrer"><strong>Zur GTF- (Graveltourenfahrt-) Ausschreibung</strong></a></td>
</li>
<li><a href="https://www.rc03-ilbenstadt.de/?page_id=10855" rel="noopener noreferrer"><strong>Zu den RTF- und GTF (Gravel-)-Strecken</strong></a></td>
</li>
<li><a href="https://www.rc03-ilbenstadt.de/?page_id=10872" rel="noopener noreferrer"><strong>Zu den Teilnahmebedingungen</strong></a></td>
</li>
</ul>
<p>  Wir wünschen Euch ein überwältigendes Radsporterlebnis im Frühherbst der Saison<br />
  sowie einen unfallfreien Verlauf.</p>
<p>Für das Orga-Team </p>
<p>Wilhelm Schröder<br />
Fachbereichsleiter Kommunikation und Sport (RTF/CTF)</p>
<p><strong>Unsere Frühjahrstouren 2022<br />
Hier geht es zu den Ausschreibungen und Strecken:</p>
<ul>
<li><a href="https://www.rc03-ilbenstadt.de/?page_id=10358" rel="noopener noreferrer">Ankündigung der Frühjahrstouren</a></li>
</ul>
<ul>
 Ausschreibungen:</p>
<li><a href="https://www.rc03-ilbenstadt.de/?page_id=10381" rel="noopener noreferrer">Ausschreibung RTF</a></li>
<li><a href="https://www.rc03-ilbenstadt.de/?page_id=10443" rel="noopener noreferrer">Ausschreibung-Gravel-CTF</a></li>
<li><a href="https://www.rc03-ilbenstadt.de/?page_id=10447" rel="noopener noreferrer">Ausschreibung-GTF (Graveltourenfahrt)</a></li>
</ul>
<ul>Strecken:</p>
<li><a href="https://www.rc03-ilbenstadt.de/?page_id=10387" rel="noopener noreferrer">RTF-Strecken</a></li>
<li><a href="https://www.rc03-ilbenstadt.de/?page_id=10387" rel="noopener noreferrer">Gravel-CTF-Strecken</a></li>
<li><a href="https://www.rc03-ilbenstadt.de/?page_id=10387" rel="noopener noreferrer">GTF-Strecke</a></li>
<p></strong>
</ul>
<p> Hinweis:<br />
 Im Menü kommt Ihr auch über die Punkte im Pull-Down-Menü zu den gewünschten Seiten</p>
<p>Wir wünschen Euch einen freudigen Start in die neue Saison<br />
sowie einen unfallfreien Verlauf.</p>
<p>Für das Orga-Team </p>
<p>Wilhelm Schröder<br />
Fachbereichsleiter Kommunikation und Sport (RTF/CTF)</p>

<p>Unsere Herbst-RTF und -GTF (Graveltour) 2022 Hier geht es zu den Ausschreibungen und Strecken: Ankündigung der Herbstradtouren Zur RTF-(Radtourenfahrt) Ausschreibung Zur GTF- (Graveltourenfahrt-) Ausschreibung Zu den RTF- und GTF (Gravel-)-Strecken Zu den Teilnahmebedingungen Wir wünschen Euch ein überwältigendes Radsporterlebnis im &hellip; <a href="https://www.rc03-ilbenstadt.de/?page_id=133">Weiterlesen <span class="meta-nav">&rarr;</span></a></p>
