{"id":13711,"date":"2026-09-05T02:04:10","date_gmt":"2026-09-05T00:04:10","guid":{"rendered":"https:\/\/www.rc03-ilbenstadt.de\/?page_id=13711"},"modified":"2026-09-05T02:04:10","modified_gmt":"2026-09-05T00:04:10","slug":"veranstaltungen-2026","status":"publish","type":"page","link":"https:\/\/www.rc03-ilbenstadt.de\/?page_id=13711","title":{"rendered":"Veranstaltungen 2026"},"content":{"rendered":"<p><strong>Veranstaltungen 2026<\/strong><\/p>\n<p>Diese Seite musste eingef\u00fcgt werden, da auf Smartphones f\u00fcr diese Internetseite keine Untermen\u00fcs dargestellt werden.<br \/>\nBekommst Du Untermen\u00fcs angezeigt, so kannst Du schneller \u00fcber diese navigieren.<\/p>\n<p>Unsere Herbst-Radtouren (RTF\/GR = Gravelride, fr\u00fcher GTF<\/p>\n<ul>\n<li><strong><a href=\"https:\/\/www.rc03-ilbenstadt.de\/?page_id=13652\" target=\"_blank\" rel=\"noopener\">Ank\u00fcndigung der Herbst-Radtouren<\/a> <\/strong><\/li>\n<li><strong><a href=\"https:\/\/www.rc03-ilbenstadt.de\/?page_id=13671\" target=\"_blank\" rel=\"noopener\">RTF- und Gravelride (GR)-Strecken<\/a> <\/strong><\/li>\n<li><strong><a href=\"https:\/\/www.rc03-ilbenstadt.de\/?page_id=13661\" target=\"_blank\" rel=\"noopener\">Ausschreibung RTF und GR = Gravelride, bisher GTF<\/a> <\/strong><\/li>\n<li><strong><a href=\"https:\/\/www.rc03-ilbenstadt.de\/?page_id=13675\" target=\"_blank\" rel=\"noopener\">Teilnahmebedingungen<\/a> <\/strong><\/li>\n<\/ul>\n","protected":false},"excerpt":{"rendered":"<p>Veranstaltungen 2026 Diese Seite musste eingef\u00fcgt werden, da auf Smartphones f\u00fcr diese Internetseite keine Untermen\u00fcs dargestellt werden. Bekommst Du Untermen\u00fcs angezeigt, so kannst Du schneller \u00fcber diese navigieren. Unsere Herbst-Radtouren (RTF\/GR = Gravelride, fr\u00fcher GTF Ank\u00fcndigung der Herbst-Radtouren RTF- und &hellip; <a href=\"https:\/\/www.rc03-ilbenstadt.de\/?page_id=13711\">Weiterlesen <span class=\"meta-nav\">&rarr;<\/span><\/a><\/p>\n","protected":false},"author":9,"featured_media":0,"parent":0,"menu_order":0,"comment_status":"closed","ping_status":"closed","template":"","meta":{"footnotes":""},"class_list":["post-13711","page","type-page","status-publish","hentry"],"_links":{"self":[{"href":"https:\/\/www.rc03-ilbenstadt.de\/index.php?rest_route=\/wp\/v2\/pages\/13711","targetHints":{"allow":["GET"]}}],"collection":[{"href":"https:\/\/www.rc03-ilbenstadt.de\/index.php?rest_route=\/wp\/v2\/pages"}],"about":[{"href":"https:\/\/www.rc03-ilbenstadt.de\/index.php?rest_route=\/wp\/v2\/types\/page"}],"author":[{"embeddable":true,"href":"https:\/\/www.rc03-ilbenstadt.de\/index.php?rest_route=\/wp\/v2\/users\/9"}],"replies":[{"embeddable":true,"href":"https:\/\/www.rc03-ilbenstadt.de\/index.php?rest_route=%2Fwp%2Fv2%2Fcomments&post=13711"}],"version-history":[{"count":1,"href":"https:\/\/www.rc03-ilbenstadt.de\/index.php?rest_route=\/wp\/v2\/pages\/13711\/revisions"}],"predecessor-version":[{"id":13712,"href":"https:\/\/www.rc03-ilbenstadt.de\/index.php?rest_route=\/wp\/v2\/pages\/13711\/revisions\/13712"}],"wp:attachment":[{"href":"https:\/\/www.rc03-ilbenstadt.de\/index.php?rest_route=%2Fwp%2Fv2%2Fmedia&parent=13711"}],"curies":[{"name":"wp","href":"https:\/\/api.w.org\/{rel}","templated":true}]}}

<p><strong>Veranstaltungen 2026</strong></p>
<p>Diese Seite musste eingefügt werden, da auf Smartphones für diese Internetseite keine Untermenüs dargestellt werden.<br />
Bekommst Du Untermenüs angezeigt, so kannst Du schneller über diese navigieren.</p>
<p>Unsere Herbst-Radtouren (RTF/GR = Gravelride, früher GTF</p>
<ul>
<li><strong><a href="https://www.rc03-ilbenstadt.de/?page_id=13652" target="_blank" rel="noopener">Ankündigung der Herbst-Radtouren</a> </strong></li>
<li><strong><a href="https://www.rc03-ilbenstadt.de/?page_id=13671" target="_blank" rel="noopener">RTF- und Gravelride (GR)-Strecken</a> </strong></li>
<li><strong><a href="https://www.rc03-ilbenstadt.de/?page_id=13661" target="_blank" rel="noopener">Ausschreibung RTF und GR = Gravelride, bisher GTF</a> </strong></li>
<li><strong><a href="https://www.rc03-ilbenstadt.de/?page_id=13675" target="_blank" rel="noopener">Teilnahmebedingungen</a> </strong></li>
</ul>

<p>Veranstaltungen 2026 Diese Seite musste eingefügt werden, da auf Smartphones für diese Internetseite keine Untermenüs dargestellt werden. Bekommst Du Untermenüs angezeigt, so kannst Du schneller über diese navigieren. Unsere Herbst-Radtouren (RTF/GR = Gravelride, früher GTF Ankündigung der Herbst-Radtouren RTF- und &hellip; <a href="https://www.rc03-ilbenstadt.de/?page_id=13711">Weiterlesen <span class="meta-nav">&rarr;</span></a></p>
