{"id":3117,"date":"2014-06-16T13:19:14","date_gmt":"2014-06-16T11:19:14","guid":{"rendered":"http:\/\/www.rc03-ilbenstadt.de\/?page_id=3117"},"modified":"2016-05-06T09:03:39","modified_gmt":"2016-05-06T07:03:39","slug":"radwandern-mit-dem-rc-03-im-frankfurter-gruenguertel-65-kilometer-rund-um-die-grossstadt","status":"publish","type":"page","link":"https:\/\/www.rc03-ilbenstadt.de\/?page_id=3117","title":{"rendered":"Radwandern mit dem RC 03 im Frankfurter Gr\u00fcng\u00fcrtel<br> &#8211; 65 Kilometer rund um die Gro\u00dfstadt"},"content":{"rendered":"<p>Am Samstag, dem 14. Juni 2014 hat der RC 03 eine Radwanderung rund um die Gro\u00dfstadt Frankfurt auf dem Gr\u00fcng\u00fcrtelradweg angeboten. Radeln im Spannungsfeld zwischen Gro\u00dfstadt und Natur, ein Spagat der den Verantwortlichen in Frankfurt mit dem rund 8000 ha gro\u00dfen Gr\u00fcng\u00fcrtel gelungen ist.<\/p>\n<p>Der Artikel <a title=\"Radwandern mit dem RC 03 im Frankfurter Gr\u00fcng\u00fcrtel - 65 Kilometer rund um die Gro\u00dfstadt\" href=\"https:\/\/www.rc03-ilbenstadt.de\/?p=3108#more-3108\" target=\"_blank\">&#8222;Radwandern mit dem RC 03 &#8230;&#8220;<\/a> auf unserer Homepage steht nebst Bildern zu einer Ver\u00f6ffentlichung zur Verf\u00fcgung. Einer redaktioneller Bearbeitung stimmen wir zu.<\/p>\n<p>&nbsp;<\/p>\n","protected":false},"excerpt":{"rendered":"<p>Am Samstag, dem 14. Juni 2014 hat der RC 03 eine Radwanderung rund um die Gro\u00dfstadt Frankfurt auf dem Gr\u00fcng\u00fcrtelradweg angeboten. Radeln im Spannungsfeld zwischen Gro\u00dfstadt und Natur, ein Spagat der den Verantwortlichen in Frankfurt mit dem rund 8000 ha &hellip; <a href=\"https:\/\/www.rc03-ilbenstadt.de\/?page_id=3117\">Weiterlesen <span class=\"meta-nav\">&rarr;<\/span><\/a><\/p>\n","protected":false},"author":9,"featured_media":0,"parent":2538,"menu_order":996,"comment_status":"closed","ping_status":"closed","template":"","meta":{"_crdt_document":"","footnotes":""},"class_list":["post-3117","page","type-page","status-publish","hentry"],"_links":{"self":[{"href":"https:\/\/www.rc03-ilbenstadt.de\/index.php?rest_route=\/wp\/v2\/pages\/3117","targetHints":{"allow":["GET"]}}],"collection":[{"href":"https:\/\/www.rc03-ilbenstadt.de\/index.php?rest_route=\/wp\/v2\/pages"}],"about":[{"href":"https:\/\/www.rc03-ilbenstadt.de\/index.php?rest_route=\/wp\/v2\/types\/page"}],"author":[{"embeddable":true,"href":"https:\/\/www.rc03-ilbenstadt.de\/index.php?rest_route=\/wp\/v2\/users\/9"}],"replies":[{"embeddable":true,"href":"https:\/\/www.rc03-ilbenstadt.de\/index.php?rest_route=%2Fwp%2Fv2%2Fcomments&post=3117"}],"version-history":[{"count":1,"href":"https:\/\/www.rc03-ilbenstadt.de\/index.php?rest_route=\/wp\/v2\/pages\/3117\/revisions"}],"predecessor-version":[{"id":4641,"href":"https:\/\/www.rc03-ilbenstadt.de\/index.php?rest_route=\/wp\/v2\/pages\/3117\/revisions\/4641"}],"up":[{"embeddable":true,"href":"https:\/\/www.rc03-ilbenstadt.de\/index.php?rest_route=\/wp\/v2\/pages\/2538"}],"wp:attachment":[{"href":"https:\/\/www.rc03-ilbenstadt.de\/index.php?rest_route=%2Fwp%2Fv2%2Fmedia&parent=3117"}],"curies":[{"name":"wp","href":"https:\/\/api.w.org\/{rel}","templated":true}]}}

Radwandern mit dem RC 03 im Frankfurter Grüngürtel<br> &#8211; 65 Kilometer rund um die Großstadt

<p>Am Samstag, dem 14. Juni 2014 hat der RC 03 eine Radwanderung rund um die Großstadt Frankfurt auf dem Grüngürtelradweg angeboten. Radeln im Spannungsfeld zwischen Großstadt und Natur, ein Spagat der den Verantwortlichen in Frankfurt mit dem rund 8000 ha großen Grüngürtel gelungen ist.</p>
<p>Der Artikel <a title="Radwandern mit dem RC 03 im Frankfurter Grüngürtel - 65 Kilometer rund um die Großstadt" href="https://www.rc03-ilbenstadt.de/?p=3108#more-3108" target="_blank">&#8222;Radwandern mit dem RC 03 &#8230;&#8220;</a> auf unserer Homepage steht nebst Bildern zu einer Veröffentlichung zur Verfügung. Einer redaktioneller Bearbeitung stimmen wir zu.</p>
<p>&nbsp;</p>

<p>Am Samstag, dem 14. Juni 2014 hat der RC 03 eine Radwanderung rund um die Großstadt Frankfurt auf dem Grüngürtelradweg angeboten. Radeln im Spannungsfeld zwischen Großstadt und Natur, ein Spagat der den Verantwortlichen in Frankfurt mit dem rund 8000 ha &hellip; <a href="https://www.rc03-ilbenstadt.de/?page_id=3117">Weiterlesen <span class="meta-nav">&rarr;</span></a></p>
