{"id":6697,"date":"2018-03-12T10:54:13","date_gmt":"2018-03-12T09:54:13","guid":{"rendered":"https:\/\/www.rc03-ilbenstadt.de\/?page_id=6697"},"modified":"2018-04-06T15:00:31","modified_gmt":"2018-04-06T13:00:31","slug":"rtf-strecken-am-samstag-dem-28-juli-2018besuch-bei-den-spessartraeubern","status":"publish","type":"page","link":"https:\/\/www.rc03-ilbenstadt.de\/?page_id=6697","title":{"rendered":"RTF-Strecken am Samstag, dem 28. Juli 2018<br>&#8222;Besuch bei den Spessartr\u00e4ubern&#8220;"},"content":{"rendered":"<p><a href=\"https:\/\/www.gpsies.com\/map.do?fileId=yahyvyfrvfxtciwt\" target=\"_blank\" rel=\"noopener\"><strong>Die 49-Kilometerstrecke der RTF &#8222;Besuch bei den Spessartr\u00e4ubern&#8220;:<\/strong><\/a><br \/>\n<iframe loading=\"lazy\" class=\"gpsies\" src=\"\/\/www.gpsies.com\/mapOnly.do?fileId=yahyvyfrvfxtciwt\" width=\"600\" height=\"400\" frameborder=\"0\" marginwidth=\"0\" marginheight=\"0\" scrolling=\"no\"><\/iframe><\/p>\n<p><a href=\"https:\/\/www.gpsies.com\/map.do?fileId=zwqikfbilgrsynyr\" target=\"_blank\" rel=\"noopener\"><strong>Die 71-Kilometerstrecke der RTF &#8222;Besuch bei den Spessartr\u00e4ubern&#8220;:<\/strong><\/a><br \/>\n<iframe loading=\"lazy\" class=\"gpsies\" src=\"\/\/www.gpsies.com\/mapOnly.do?fileId=zwqikfbilgrsynyr\" width=\"600\" height=\"400\" frameborder=\"0\" marginwidth=\"0\" marginheight=\"0\" scrolling=\"no\"><\/iframe><\/p>\n<p><a href=\"https:\/\/www.gpsies.com\/map.do?fileId=lrejoefryshxbnll\" target=\"_blank\" rel=\"noopener\"><strong>Die 116<\/strong><strong>-Kilometerstrecke der RTF &#8222;Besuch bei den Spessartr\u00e4ubern&#8220;:<\/strong><\/a><br \/>\n<iframe loading=\"lazy\" class=\"gpsies\" src=\"\/\/www.gpsies.com\/mapOnly.do?fileId=lrejoefryshxbnll\" width=\"600\" height=\"400\" frameborder=\"0\" marginwidth=\"0\" marginheight=\"0\" scrolling=\"no\"><\/iframe><\/p>\n<p><span style=\"color: #3366ff;\"><strong><span style=\"font-size: 20px;\">Streckenbeschreibungen<\/span><\/strong><\/span><br \/>\n<span style=\"font-size: 12px; color: #3366ff;\">(Bitte Bilder zum Vergr\u00f6\u00dfern anklicken)<\/span><\/p>\n<p>Etwas fremd mutet unser Eingangsbild an, doch erschlie\u00dft es sich aus dem RTF-Titel, dass zwischen gestrandeten Seer\u00e4ubern und Spessartr\u00e4ubern eine gewisse Affinit\u00e4t besteht. So haben wir uns im <a href=\"http:\/\/www.radteam-neu-isenburg.de\/\" target=\"_blank\" rel=\"noopener\">Radteam Neu-Isenburg<\/a> der Planung dieser Spessarttour gerne angenommen. Unser Fokus liegt neben der Liebe unserer 160 Mitglieder zum Radtourenfahren mit dem Rennrad auch auf dem Triathlon.<\/p>\n<table>\n<tbody>\n<tr>\n<td><a href=\"https:\/\/www.rc03-ilbenstadt.de\/wp-content\/uploads\/2018\/03\/BRT2018-B-RT_NeuIsenburg-01-WEB.jpg\" rel=\"lightbox[6697]\"><img loading=\"lazy\" decoding=\"async\" class=\"size-medium wp-image-6700 alignleft\" src=\"https:\/\/www.rc03-ilbenstadt.de\/wp-content\/uploads\/2018\/03\/BRT2018-B-RT_NeuIsenburg-01-WEB-300x202.jpg\" alt=\"\" width=\"300\" height=\"202\" srcset=\"https:\/\/www.rc03-ilbenstadt.de\/wp-content\/uploads\/2018\/03\/BRT2018-B-RT_NeuIsenburg-01-WEB-300x202.jpg 300w, https:\/\/www.rc03-ilbenstadt.de\/wp-content\/uploads\/2018\/03\/BRT2018-B-RT_NeuIsenburg-01-WEB.jpg 608w\" sizes=\"auto, (max-width: 300px) 100vw, 300px\" \/><\/a><\/td>\n<\/tr>\n<\/tbody>\n<\/table>\n<p>Unsere Tour im Rahmen des Bundes-Radsport-Treffens 2018 f\u00fchrt von Langenselbold nach Osten in den Spessart. Der Spessart ist ein Mittelgebirge mit vielen schattigen Mischw\u00e4ldern, das sich wegen seiner abgerundeten Kuppen besonders im Sommer sehr gut zum Radfahren eignet. Der Spessart ist auch ein Naherholungsgebiet f\u00fcr das Rhein-Main-Gebiet, das eher untersch\u00e4tzt wird. Einige der weniger bekannten Sch\u00e4tze am Rande der Strecke stellen wir hier vor.<\/p>\n<table>\n<tbody>\n<tr>\n<td><a href=\"https:\/\/www.rc03-ilbenstadt.de\/wp-content\/uploads\/2018\/03\/BRT2018-B-RT_NeuIsenburg-03-WEB.jpg\" rel=\"lightbox[6697]\"><img loading=\"lazy\" decoding=\"async\" class=\"size-medium wp-image-6702 alignleft\" src=\"https:\/\/www.rc03-ilbenstadt.de\/wp-content\/uploads\/2018\/03\/BRT2018-B-RT_NeuIsenburg-03-WEB-300x200.jpg\" alt=\"\" width=\"300\" height=\"200\" srcset=\"https:\/\/www.rc03-ilbenstadt.de\/wp-content\/uploads\/2018\/03\/BRT2018-B-RT_NeuIsenburg-03-WEB-300x200.jpg 300w, https:\/\/www.rc03-ilbenstadt.de\/wp-content\/uploads\/2018\/03\/BRT2018-B-RT_NeuIsenburg-03-WEB-768x512.jpg 768w, https:\/\/www.rc03-ilbenstadt.de\/wp-content\/uploads\/2018\/03\/BRT2018-B-RT_NeuIsenburg-03-WEB.jpg 950w\" sizes=\"auto, (max-width: 300px) 100vw, 300px\" \/><\/a><\/td>\n<td><a href=\"https:\/\/www.rc03-ilbenstadt.de\/wp-content\/uploads\/2018\/03\/BRT2018-B-RT_NeuIsenburg-04-WEB.jpg\" rel=\"lightbox[6697]\"><img loading=\"lazy\" decoding=\"async\" class=\"size-medium wp-image-6703 alignleft\" src=\"https:\/\/www.rc03-ilbenstadt.de\/wp-content\/uploads\/2018\/03\/BRT2018-B-RT_NeuIsenburg-04-WEB-300x200.jpg\" alt=\"\" width=\"300\" height=\"200\" srcset=\"https:\/\/www.rc03-ilbenstadt.de\/wp-content\/uploads\/2018\/03\/BRT2018-B-RT_NeuIsenburg-04-WEB-300x200.jpg 300w, https:\/\/www.rc03-ilbenstadt.de\/wp-content\/uploads\/2018\/03\/BRT2018-B-RT_NeuIsenburg-04-WEB-768x512.jpg 768w, https:\/\/www.rc03-ilbenstadt.de\/wp-content\/uploads\/2018\/03\/BRT2018-B-RT_NeuIsenburg-04-WEB.jpg 953w\" sizes=\"auto, (max-width: 300px) 100vw, 300px\" \/><\/a><\/td>\n<\/tr>\n<tr>\n<td><\/td>\n<td><\/td>\n<\/tr>\n<\/tbody>\n<\/table>\n<p>Wir verlassen Langenselbold \u2013 wie schon bereits in den Tagen zuvor &#8211; auf Radwegen, \u00fcberqueren die BAB A 66 und fahren auf der L 3339 aus dem Kinzig-Tal heraus nach <a href=\"http:\/\/www.hasselroth.de\/seite\/de\/hessen\/064\/-\/Kultur_Freizeit_und_Tourismus.html\" target=\"_blank\" rel=\"noopener\">Hasselroth<\/a> und weiter \u00fcber Somborn nach Horbach. Aus der Ferne gr\u00fc\u00dft schon der Hauptkamm des Spessarts. Die Strecke ist hier gut &#8222;wellig&#8220;, aber noch nicht bergig. Erst nach Geiselbach erwartet uns der erste Anstieg, der im Schatten des Waldes sehr angenehm zu fahren ist.<br \/>\nNach einer kurzen Abfahrt kommen wir nach <a href=\"http:\/\/www.hofstaedten.de\/\" target=\"_blank\" rel=\"noopener\">Hofst\u00e4dten.<\/a> Dieser kleine Ort bietet ein breites Angebot an ausgeschilderten Wanderungen, die besonders f\u00fcr hei\u00dfe Sommertage ein attraktives sind. Im Ortszentrum Hofst\u00e4dten fahren wir nach rechts in Richtung D\u00f6rnsteinbach und kommen wenig sp\u00e4ter zur ersten Kontroll- und Verpflegungsstelle. Weiter geht es nun in &#8222;welligem&#8220; Terrain \u00fcber D\u00f6rnsteinbach nach Niedersteinbach. Hier teilt sich die Strecke: Rechts geht es zur\u00fcck zum Ziel in Langenselbold, links f\u00fchren die mittlere und die lange Strecke weiter nach <a href=\"https:\/\/www.moembris.de\/index.php?id=165\" target=\"_blank\" rel=\"noopener\">M\u00f6mbris<\/a>. Hier kreuzen wir die Strecke der Spessartr\u00e4uber-Extrem-Tour von <a href=\"http:\/\/www.radsport-mainaschaff.de\/\" target=\"_blank\" rel=\"noopener\">Vorw\u00e4rts 1906 Mainschaff<\/a>. Diese sehr sch\u00f6ne RTF wird j\u00e4hrlich Anfang Juli veranstaltet und bietet ambitionierten Radlerinnen und Radlern auf 160 Kilometern eine hervorragende Auswahl der sch\u00f6nsten Strecken im Spessart.<\/p>\n<p>Kurz vor M\u00f6mbris gr\u00fc\u00dft rechts der H\u00f6henzug des Hahnenkamm. Dies ist ein Bergr\u00fccken im Vorspessart und mit einer H\u00f6he von 435 Metern \u00fcber NN ein sehr beliebtes Ziel f\u00fcr Mountainbiker. Aber auch Rennradfahrer sch\u00e4tzen die abwechslungsreichen Trainingsm\u00f6glichkeiten. Mit Steigungen von bis zu 20 Prozent kann man auf verkehrsarmen Stra\u00dfen viele H\u00f6henmeter sammeln und ein hervorragendes Bergtraining absolvieren. Der <a href=\"https:\/\/www.berggasthofhahnenkamm.de\/startseite\/\" target=\"_blank\" rel=\"noopener\">Berggasthof<\/a> ist nicht nur unter Radlern als beliebte Zwischenstation bekannt. Weiter fahren wir durch M\u00f6mbris hindurch Richtung Sch\u00f6llkippen. Dabei liegt rechts neben der Stra\u00dfe Sommerkahl. In Sommerkahl befindet sich das Kupferbergwerk Grube Wilhelmine, ein von einem privaten F\u00f6rderkreis liebevoll restauriertes Bergwerk.<\/p>\n<table>\n<tbody>\n<tr>\n<td><a href=\"https:\/\/www.rc03-ilbenstadt.de\/wp-content\/uploads\/2018\/03\/BRT2018-B-RT_NeuIsenburg-05-WEB.jpg\" rel=\"lightbox[6697]\"><img loading=\"lazy\" decoding=\"async\" class=\"size-medium wp-image-6704 alignleft\" src=\"https:\/\/www.rc03-ilbenstadt.de\/wp-content\/uploads\/2018\/03\/BRT2018-B-RT_NeuIsenburg-05-WEB-300x200.jpg\" alt=\"\" width=\"300\" height=\"200\" srcset=\"https:\/\/www.rc03-ilbenstadt.de\/wp-content\/uploads\/2018\/03\/BRT2018-B-RT_NeuIsenburg-05-WEB-300x200.jpg 300w, https:\/\/www.rc03-ilbenstadt.de\/wp-content\/uploads\/2018\/03\/BRT2018-B-RT_NeuIsenburg-05-WEB-768x512.jpg 768w, https:\/\/www.rc03-ilbenstadt.de\/wp-content\/uploads\/2018\/03\/BRT2018-B-RT_NeuIsenburg-05-WEB.jpg 953w\" sizes=\"auto, (max-width: 300px) 100vw, 300px\" \/><\/a><\/td>\n<td><a href=\"https:\/\/www.rc03-ilbenstadt.de\/wp-content\/uploads\/2018\/03\/BRT2018-B-RT_NeuIsenburg-06-WEB.jpg\" rel=\"lightbox[6697]\"><img loading=\"lazy\" decoding=\"async\" class=\"size-medium wp-image-6705 alignleft\" src=\"https:\/\/www.rc03-ilbenstadt.de\/wp-content\/uploads\/2018\/03\/BRT2018-B-RT_NeuIsenburg-06-WEB-300x200.jpg\" alt=\"\" width=\"300\" height=\"200\" srcset=\"https:\/\/www.rc03-ilbenstadt.de\/wp-content\/uploads\/2018\/03\/BRT2018-B-RT_NeuIsenburg-06-WEB-300x200.jpg 300w, https:\/\/www.rc03-ilbenstadt.de\/wp-content\/uploads\/2018\/03\/BRT2018-B-RT_NeuIsenburg-06-WEB-768x512.jpg 768w, https:\/\/www.rc03-ilbenstadt.de\/wp-content\/uploads\/2018\/03\/BRT2018-B-RT_NeuIsenburg-06-WEB.jpg 953w\" sizes=\"auto, (max-width: 300px) 100vw, 300px\" \/><\/a><\/td>\n<\/tr>\n<tr>\n<td>Blick auf Sommerkahl<\/td>\n<td>Kupferbergwerk &#8222;Grube Wilhelmine&#8220;<\/td>\n<\/tr>\n<\/tbody>\n<\/table>\n<p>Einige wenige Kilometer nach der Abzweigung nach Sommerkahl erreichen wir <a href=\"https:\/\/gaeste.vg-schoellkrippen.de\/index.php?id=1266\" target=\"_blank\" rel=\"noopener\">Sch\u00f6llkrippen<\/a>. Im <a href=\"https:\/\/www.gasthaus-post-schoellkrippen.de\/\" target=\"_blank\" rel=\"noopener\">Gasthaus zur Post<\/a> \u2013 vielleicht das besagte Wirtshaus im Spessart? &#8211; wird eine sehr gute, regionale K\u00fcche angeboten; nicht w\u00e4hrend der RTF, aber sicher bei einem n\u00e4chsten Besuch eine gute Empfehlung <a href=\"https:\/\/www.gasthaus-post-schoellkrippen.de\">https:\/\/www.gasthaus-post-schoellkrippen.de<\/a>. Empfehlenswert ist auch die <a href=\"http:\/\/www.kahlgrundkaffee.de\/main\/start.php\" target=\"_blank\" rel=\"noopener\">Kaffeer\u00f6sterei<\/a>, die einige H\u00e4user weiter zu einem Stopp einl\u00e4dt. Fast am Ortsende von Sch\u00f6llkrippen zweigt die mittlere Strecke nach links in Richtung Hofst\u00e4dten ab. Die lange Strecke f\u00fchrt durch das Kahltal in Richtung Wiesen. Fast am Ende des Tals, nahe der Kahl-Quelle, liegt der <a href=\"http:\/\/www.bamberger-muehle.de\/\" target=\"_blank\" rel=\"noopener\">Gasthof Bamberger M\u00fchl<\/a>e. Wir verzichten aber auch hier auf eine Rast und fahren weiter das ruhige Tal nach <a href=\"https:\/\/gaeste.vg-schoellkrippen.de\/index.php?id=1266\" target=\"_blank\" rel=\"noopener\">Wiesen<\/a> hoch.<\/p>\n<table>\n<tbody>\n<tr>\n<td><a href=\"https:\/\/www.rc03-ilbenstadt.de\/wp-content\/uploads\/2018\/03\/BRT2018-B-RT_NeuIsenburg-07-WEB.jpg\" rel=\"lightbox[6697]\"><img loading=\"lazy\" decoding=\"async\" class=\"size-medium wp-image-6706 alignleft\" src=\"https:\/\/www.rc03-ilbenstadt.de\/wp-content\/uploads\/2018\/03\/BRT2018-B-RT_NeuIsenburg-07-WEB-300x200.jpg\" alt=\"\" width=\"300\" height=\"200\" srcset=\"https:\/\/www.rc03-ilbenstadt.de\/wp-content\/uploads\/2018\/03\/BRT2018-B-RT_NeuIsenburg-07-WEB-300x200.jpg 300w, https:\/\/www.rc03-ilbenstadt.de\/wp-content\/uploads\/2018\/03\/BRT2018-B-RT_NeuIsenburg-07-WEB-768x512.jpg 768w, https:\/\/www.rc03-ilbenstadt.de\/wp-content\/uploads\/2018\/03\/BRT2018-B-RT_NeuIsenburg-07-WEB.jpg 947w\" sizes=\"auto, (max-width: 300px) 100vw, 300px\" \/><\/a><\/td>\n<td><a href=\"https:\/\/www.rc03-ilbenstadt.de\/wp-content\/uploads\/2018\/03\/BRT2018-B-RT_NeuIsenburg-08-WEB.jpg\" rel=\"lightbox[6697]\"><img loading=\"lazy\" decoding=\"async\" class=\" wp-image-6707 alignleft\" src=\"https:\/\/www.rc03-ilbenstadt.de\/wp-content\/uploads\/2018\/03\/BRT2018-B-RT_NeuIsenburg-08-WEB-300x225.jpg\" alt=\"\" width=\"263\" height=\"198\" srcset=\"https:\/\/www.rc03-ilbenstadt.de\/wp-content\/uploads\/2018\/03\/BRT2018-B-RT_NeuIsenburg-08-WEB-300x225.jpg 300w, https:\/\/www.rc03-ilbenstadt.de\/wp-content\/uploads\/2018\/03\/BRT2018-B-RT_NeuIsenburg-08-WEB-768x576.jpg 768w, https:\/\/www.rc03-ilbenstadt.de\/wp-content\/uploads\/2018\/03\/BRT2018-B-RT_NeuIsenburg-08-WEB.jpg 952w\" sizes=\"auto, (max-width: 263px) 100vw, 263px\" \/><\/a><\/td>\n<\/tr>\n<tr>\n<td>\u00a0Blick auf Wiesen<\/td>\n<td>\u00a0Jakobsthal-\/Engl\u00e4nderblick<\/td>\n<\/tr>\n<\/tbody>\n<\/table>\n<p>Ab Wiesen wird die Strecke etwas bergiger. Wir durchqueren die Ortschaft und fahren in Richtung Framersbach. Nach einer sehr sch\u00f6nen, schnellen Abfahrt biegen wir kurz vor Framersbach nach Habichsthal ab. In der N\u00e4he befindet sich hier auch der <a href=\"http:\/\/www.kletterwald-spessart.de\/\" target=\"_blank\" rel=\"noopener\">Kletterwald Spessart<\/a> &#8211; ein lohnendes Ausflugsziel f\u00fcr Jung und Alt. Kurz hinter der Abzweigung liegt die zweite Kontroll- und Verpflegungsstelle. Nach der St\u00e4rkung geht es h\u00fcgelig weiter \u00fcber <a href=\"http:\/\/www.habichsthal.de\/\" target=\"_blank\" rel=\"noopener\">Habichsthal<\/a> und <a href=\"https:\/\/www.heinrichsthal.de\/\" target=\"_blank\" rel=\"noopener\">Heinrichsthal<\/a> nach Jakobsthal. Hier beginnt nicht nur der sch\u00f6ne Anstieg zum Engl\u00e4nder, hier findet sich auch ein beschaulicher <a href=\"http:\/\/www.englaender-skilifte.de\/\" target=\"_blank\" rel=\"noopener\">Skilift.\u00a0<\/a>Am Ende des Anstiegs kommen wir zum <a href=\"http:\/\/heigenbruecken.de\/waldhaus-am-englaender\" target=\"_blank\" rel=\"noopener\">Engl\u00e4nder Haus<\/a>, immer eine Einkehr wert.<\/p>\n<table>\n<tbody>\n<tr>\n<td><a href=\"https:\/\/www.rc03-ilbenstadt.de\/wp-content\/uploads\/2018\/03\/BRT2018-B-RT_NeuIsenburg-10-WEB.jpg\" rel=\"lightbox[6697]\"><img loading=\"lazy\" decoding=\"async\" class=\"size-medium wp-image-6709 alignleft\" src=\"https:\/\/www.rc03-ilbenstadt.de\/wp-content\/uploads\/2018\/03\/BRT2018-B-RT_NeuIsenburg-10-WEB-300x186.jpg\" alt=\"\" width=\"300\" height=\"186\" srcset=\"https:\/\/www.rc03-ilbenstadt.de\/wp-content\/uploads\/2018\/03\/BRT2018-B-RT_NeuIsenburg-10-WEB-300x186.jpg 300w, https:\/\/www.rc03-ilbenstadt.de\/wp-content\/uploads\/2018\/03\/BRT2018-B-RT_NeuIsenburg-10-WEB-768x477.jpg 768w, https:\/\/www.rc03-ilbenstadt.de\/wp-content\/uploads\/2018\/03\/BRT2018-B-RT_NeuIsenburg-10-WEB.jpg 956w\" sizes=\"auto, (max-width: 300px) 100vw, 300px\" \/><\/a><\/td>\n<td><a href=\"https:\/\/www.rc03-ilbenstadt.de\/wp-content\/uploads\/2018\/03\/BRT2018-B-RT_NeuIsenburg-09-WEB.jpg\" rel=\"lightbox[6697]\"><img loading=\"lazy\" decoding=\"async\" class=\"size-medium wp-image-6708 alignleft\" src=\"https:\/\/www.rc03-ilbenstadt.de\/wp-content\/uploads\/2018\/03\/BRT2018-B-RT_NeuIsenburg-09-WEB-300x225.jpg\" alt=\"\" width=\"300\" height=\"225\" srcset=\"https:\/\/www.rc03-ilbenstadt.de\/wp-content\/uploads\/2018\/03\/BRT2018-B-RT_NeuIsenburg-09-WEB-300x225.jpg 300w, https:\/\/www.rc03-ilbenstadt.de\/wp-content\/uploads\/2018\/03\/BRT2018-B-RT_NeuIsenburg-09-WEB-768x576.jpg 768w, https:\/\/www.rc03-ilbenstadt.de\/wp-content\/uploads\/2018\/03\/BRT2018-B-RT_NeuIsenburg-09-WEB.jpg 961w\" sizes=\"auto, (max-width: 300px) 100vw, 300px\" \/><\/a><\/td>\n<\/tr>\n<\/tbody>\n<\/table>\n<p>Am Engl\u00e4nder ist ein guter Einstieg in den Eselsweg. Der <a href=\"https:\/\/www.fernwege.de\/d\/eselsweg\" target=\"_blank\" rel=\"noopener\">Eselsweg<\/a> ist eine alte Handelsstra\u00dfe von Bad Orb nach Miltenberg &#8211; in fr\u00fcheren Zeiten ein wichtiger Handelsweg zum Salztransport. Der Weg ist heute ein attraktiver Wanderweg und eine anspruchsvolle MTB-Tour. Er f\u00fchrt gr\u00f6\u00dftenteils \u00fcber die H\u00f6henr\u00fccken des Spessarts und ber\u00fchrt nur wenige Ortschaften. Fr\u00fcher war die Benutzung f\u00fcr die Handelsz\u00fcge durchaus nicht ungef\u00e4hrlich &#8211; die Spessartr\u00e4uber lie\u00dfen gr\u00fc\u00dfen.<\/p>\n<table>\n<tbody>\n<tr>\n<td><a href=\"https:\/\/www.rc03-ilbenstadt.de\/wp-content\/uploads\/2018\/03\/BRT2018-B-RT_NeuIsenburg-02-WEB.jpg\" rel=\"lightbox[6697]\"><img loading=\"lazy\" decoding=\"async\" class=\"size-medium wp-image-6701 alignleft\" src=\"https:\/\/www.rc03-ilbenstadt.de\/wp-content\/uploads\/2018\/03\/BRT2018-B-RT_NeuIsenburg-02-WEB-300x225.jpg\" alt=\"\" width=\"300\" height=\"225\" srcset=\"https:\/\/www.rc03-ilbenstadt.de\/wp-content\/uploads\/2018\/03\/BRT2018-B-RT_NeuIsenburg-02-WEB-300x225.jpg 300w, https:\/\/www.rc03-ilbenstadt.de\/wp-content\/uploads\/2018\/03\/BRT2018-B-RT_NeuIsenburg-02-WEB-768x576.jpg 768w, https:\/\/www.rc03-ilbenstadt.de\/wp-content\/uploads\/2018\/03\/BRT2018-B-RT_NeuIsenburg-02-WEB.jpg 952w\" sizes=\"auto, (max-width: 300px) 100vw, 300px\" \/><\/a><\/td>\n<\/tr>\n<tr>\n<td>Einstieg zum Eselsweg<\/td>\n<\/tr>\n<\/tbody>\n<\/table>\n<p>Nach der Abzweigung zum Eselsweg freuen wir uns auf eine sehr sch\u00f6ne Abfahrt, die uns durch Vormwald zur\u00fcck nach Sch\u00f6llkrippen bringt. Wie auf der mittleren Strecke durchqueren wir Sch\u00f6llkrippen und fahren dann \u00fcber Hofst\u00e4dten zur\u00fcck zur ersten Kontroll- und Verpflegungsstelle. Danach fahren wir \u00fcber D\u00f6rnsteinbach nach Niedersteinbach. Dort biegen wir nach rechts ab und folgen der Kahl nach Michelbach mit seinem sch\u00f6nen Schl\u00f6sschen Michelbach,\u00a0 alles weitgehend Bestandteile der Gro\u00dfgemeinde <a href=\"https:\/\/www.alzenau.de\/\" target=\"_blank\" rel=\"noopener\">Alzenau<\/a>.<\/p>\n<p>In Michelbach fahren wir rechts nach Albstadt und \u00fcber Ober- und Niederrodenbach \u2013 dann gr\u00f6\u00dftenteils auf Radwegen &#8211; zur\u00fcck nach <a href=\"https:\/\/de.wikipedia.org\/wiki\/Langenselbold\" target=\"_blank\" rel=\"noopener\">Langenselbold<\/a>.<\/p>\n<p>&nbsp;<\/p>\n<p><strong>Textvorlage:<\/strong>\u00a0\u00a0\u00a0\u00a0 Karl-Ludwig B\u00f6rtzeler<strong><br \/>\nBildnachweis:<\/strong><\/p>\n<p><strong>Herzlichen Dank an <\/strong><strong>Dipl.-Geogr. Christopher Mehl (Kommunale Allianz Kahlgrund-Spessart) f\u00fcr das zur Verf\u00fcgung gestellte <\/strong><strong>Bildmaterial.<\/strong><\/p>\n<p>&nbsp;<\/p>\n<p>&nbsp;<\/p>\n<p>&nbsp;<\/p>\n","protected":false},"excerpt":{"rendered":"<p>Die 49-Kilometerstrecke der RTF &#8222;Besuch bei den Spessartr\u00e4ubern&#8220;: Die 71-Kilometerstrecke der RTF &#8222;Besuch bei den Spessartr\u00e4ubern&#8220;: Die 116-Kilometerstrecke der RTF &#8222;Besuch bei den Spessartr\u00e4ubern&#8220;: Streckenbeschreibungen (Bitte Bilder zum Vergr\u00f6\u00dfern anklicken) Etwas fremd mutet unser Eingangsbild an, doch erschlie\u00dft es sich &hellip; <a href=\"https:\/\/www.rc03-ilbenstadt.de\/?page_id=6697\">Weiterlesen <span class=\"meta-nav\">&rarr;<\/span><\/a><\/p>\n","protected":false},"author":9,"featured_media":6710,"parent":6353,"menu_order":6,"comment_status":"closed","ping_status":"closed","template":"","meta":{"_crdt_document":"","footnotes":""},"class_list":["post-6697","page","type-page","status-publish","has-post-thumbnail","hentry"],"_links":{"self":[{"href":"https:\/\/www.rc03-ilbenstadt.de\/index.php?rest_route=\/wp\/v2\/pages\/6697","targetHints":{"allow":["GET"]}}],"collection":[{"href":"https:\/\/www.rc03-ilbenstadt.de\/index.php?rest_route=\/wp\/v2\/pages"}],"about":[{"href":"https:\/\/www.rc03-ilbenstadt.de\/index.php?rest_route=\/wp\/v2\/types\/page"}],"author":[{"embeddable":true,"href":"https:\/\/www.rc03-ilbenstadt.de\/index.php?rest_route=\/wp\/v2\/users\/9"}],"replies":[{"embeddable":true,"href":"https:\/\/www.rc03-ilbenstadt.de\/index.php?rest_route=%2Fwp%2Fv2%2Fcomments&post=6697"}],"version-history":[{"count":5,"href":"https:\/\/www.rc03-ilbenstadt.de\/index.php?rest_route=\/wp\/v2\/pages\/6697\/revisions"}],"predecessor-version":[{"id":6923,"href":"https:\/\/www.rc03-ilbenstadt.de\/index.php?rest_route=\/wp\/v2\/pages\/6697\/revisions\/6923"}],"up":[{"embeddable":true,"href":"https:\/\/www.rc03-ilbenstadt.de\/index.php?rest_route=\/wp\/v2\/pages\/6353"}],"wp:featuredmedia":[{"embeddable":true,"href":"https:\/\/www.rc03-ilbenstadt.de\/index.php?rest_route=\/wp\/v2\/media\/6710"}],"wp:attachment":[{"href":"https:\/\/www.rc03-ilbenstadt.de\/index.php?rest_route=%2Fwp%2Fv2%2Fmedia&parent=6697"}],"curies":[{"name":"wp","href":"https:\/\/api.w.org\/{rel}","templated":true}]}}