{"id":8216,"date":"2020-01-28T17:33:24","date_gmt":"2020-01-28T16:33:24","guid":{"rendered":"https:\/\/www.rc03-ilbenstadt.de\/?page_id=8216"},"modified":"2020-02-25T23:24:07","modified_gmt":"2020-02-25T22:24:07","slug":"teilnahmebedingungen-ctf-2020","status":"publish","type":"page","link":"https:\/\/www.rc03-ilbenstadt.de\/?page_id=8216","title":{"rendered":"Teilnahmebedingungen CTF 2020"},"content":{"rendered":"<table class=\" alignleft\" style=\"width: 95.412%;\">\n<tbody>\n<tr>\n<td style=\"width: 48.8675%; text-align: left; vertical-align: top;\" scope=\"col\"><strong>Veranstalter:<\/strong><br \/>\nRadfahrer-Club 1903 Ilbenstadt e.V.<br \/>\nGesch\u00e4ftsstelle: 61194 Niddatal, Wingertstra\u00dfe 28<br \/>\n<strong>Durchf\u00fchrung:<\/strong><br \/>\nBei jeder Witterung mit Ausnahme extremer Wetterlagen, die<br \/>\nmit Gef\u00e4hrdungen f\u00fcr Leib und Leben der Sportlerinnen und<br \/>\nSportler einhergehen k\u00f6nnen.<br \/>\n<strong>Start und Ziel:<\/strong><br \/>\nTurnhalle Ilbenstadt, Schulstra\u00dfe 1 (Sportplatz)<br \/>\n<strong>Siegerehrung:<\/strong><br \/>\nF\u00fcr die platzierten Mannschaften: 12:30 Uhr<br \/>\nKontrollschluss: 16:00 Uhr<br \/>\n<strong>Anfahrt:<\/strong><br \/>\nAutobahn A5 Frankfurt-Kassel, Abfahrt Friedberg, Rosbach,<br \/>\nOber-W\u00f6llstadt, B 45 bis Niddatal-Ilbenstadt, oder Autobahn<br \/>\nA 45 Dortmund-Hanau, Abfahrt Altenstadt, B 521 bis<br \/>\nOrtsende, rechts ab Richtung Florstadt (L 3189), dann gerade-<br \/>\naus (L 3188) bis Niddatal-Ilbenstadt.<br \/>\n<strong>Teilnahme:<\/strong><br \/>\nTeilnehmen k\u00f6nnen neben BDR-Mitgliedern mit roter<br \/>\nWertungskarte jede trainierte Radfahrerin\/jeder trainierte Rad-<br \/>\nfahrer. Pedelecs sind ausdr\u00fccklich zugelassen.<br \/>\nKinder sind nur in Begleitung Erwachsener zur Teilnahme zu-<br \/>\ngelassen:<br \/>\n<strong>Jahrg\u00e4nge 2006 und 2007 f\u00fcr maximal 3-Punktetouren;<\/strong><br \/>\n<strong>Jahrg\u00e4nge 2008 bis 2011 f\u00fcr maximal 2-Punktetouren.<\/strong>Das Tragen von R\u00fcckennummern ist Pflicht. Sie sind am Start<br \/>\nerh\u00e4ltlich.<strong>Haftung:<\/strong><br \/>\nWir weisen ausdr\u00fccklich darauf hin, dass jeder Teilnehmer<br \/>\nnach der Allgemeinen StVO zu fahren hat. Die Versicherung<br \/>\ngegen Unfall und Haftpflicht ist Sache des Teilnehmers. Der<br \/>\nVeranstalter \u00fcbernimmt keine Haftung. Nachrangig zum<br \/>\neigenen Versicherungsschutz sind Vereinsmitglieder \u00fcber den<br \/>\nLandessportbund Hessen abgesichert; Nichtmitglieder sind<br \/>\n\u00fcber eine kurzfristige Sportversicherung den Vereinsmit-<br \/>\ngliedern im Wesentlichen gleichgestellt.<br \/>\n<strong>Startgeb\u00fchr:<\/strong><br \/>\n8,00 EUR; 5,00 EUR f\u00fcr Wertungskarteninhaber; kostenlos<br \/>\nfahren Wertungskarteninhaber mit dem Vermerk &#8222;Sch\u00fcler&#8220; und<br \/>\nKinder ohne Wertungskarte.<strong>Bei Onlinevormeldung und Vereinsvormeldungen wird<\/strong><br \/>\n<strong>das Startgeld um 1 EUR reduziert.<\/strong>Einzelstarterinnen\/Einzelstarter:<br \/>\nOnlinevormeldung und Nachmeldung am Start sind m\u00f6glich.<br \/>\nOnlinevormeldungen werden Gruppenmeldungen<br \/>\nzugerechnet.<br \/>\n<strong>Gruppenmeldungen\/Gruppenauszeichnungen:<\/strong><br \/>\nZur Teilnahme am Gruppenwettbewerb f\u00fcr BDR- und Privat-<br \/>\nmannschaften ist eine Onlinevormeldung oder eine<br \/>\nSammelmeldung (scan&amp;bike-Exeldatei) erforderlich.<\/td>\n<td style=\"width: 137.395%;\" scope=\"col\">Es werden bis zu 6 Auszeichnungen (je 3 f\u00fcr BDR-und Privat-<br \/>\nmannschaften) vergeben. Zur Mannschaftswertung werden<br \/>\nnur Fahrerinnen und Fahrer zugelassen, die auch tats\u00e4chlich<br \/>\nam Start sind.<strong>Gruppenmeldung (Startgeld):<\/strong><br \/>\nErfolgt durch Einzahlung des Startgeldes mit genauer<br \/>\nAbsenderangabe auf das Konto des &#8222;RC 03 Ilbenstadt&#8220;<br \/>\nIBAN: DE73 5185 0079 0077 0004 61, BIC: HELADEF1FRI<br \/>\nbei der Sparkasse Oberhessen.<br \/>\nDer Einzahlungsschein gilt als Quittung. Bitte Name und<br \/>\nAdresse in Druckschrift ausf\u00fchren. Bitte kein Bargeld per Post<br \/>\n\u00fcbersenden.<br \/>\nMannschaften, deren Startgeb\u00fchr nicht eingegangen ist,<br \/>\nhaben keinen Anspruch auf die Mannschaftswertung.<strong>Besonderer Hinweis:<\/strong><br \/>\nDie Strecke kann durch beh\u00f6rdliche Auflagen, Baustellen oder<br \/>\nge\u00e4nderte Verkehrsf\u00fchrungen geringf\u00fcgig ge\u00e4ndert werden.<br \/>\nDen genauen Streckenplan mit Kontrollpunkten erhalten Sie<br \/>\ngesondert am Start, wenn er von dem der Startkarte abweicht.<strong>Servicepunkt (ehemals Kontrollstellen):<\/strong><br \/>\nServicepunkte auf allen Strecken, Getr\u00e4nke und Obst werden<br \/>\nso lange der Vorrat reicht, kostenlos abgegeben. Wie jeder<br \/>\nVeranstalter bem\u00fchen wir uns um ausreichende Vorr\u00e4te.<\/p>\n<p><strong>Verpflegung am Start und Ziel:<\/strong><br \/>\nImbiss und Getr\u00e4nke, Kaffee und Kuchenbuffet.<strong>Wasch- und Duschgelegenheit<\/strong><br \/>\nin der Turnhalle am Start.<\/p>\n<p><strong>Ausk\u00fcnfte erteilt:<\/strong><br \/>\nJohannes Contag<br \/>\nTelefon: 0171 9 90 26 18<br \/>\nvon 09:00 bis 21.00 Uhr<br \/>\nE-Mail: rtf-fachwart@rc03-ilbenstadt.de<\/p>\n<p>Aktuelle Informationen zur Veranstaltung finden Sie immer auf<br \/>\nunserer Internetseite<br \/>\n<strong>www.rc03-ilbenstadt.de<\/strong><\/p>\n<p><strong>Mitgeltung:<\/strong><br \/>\nDie Generalausschreibung (CTF) 2020 des Bundes Deutscher<br \/>\nRadfahrer gilt mit. Sie ist am Start einzusehen.<\/p>\n<p><strong>Achtung!<\/strong><br \/>\n<strong>Gefahren wird ausschlie\u00dflich nach der StVO in der<br \/>\naktuellen Fassung, sowie den Regeln des Natur- und Um-<br \/>\nweltschutzes. <\/strong><\/p>\n<p>Wir legen Wert auf einen r\u00fccksichtsvollen<br \/>\nUmgang in der Begegnung mit allen erholungssuchenden Mit-<br \/>\nmenschen sowie dem land- und forstwirtschaftlichen Verkehr.<\/td>\n<\/tr>\n<tr>\n<td style=\"width: 186.263%; text-align: center;\" colspan=\"2\"><span style=\"font-size: 32px;\"><strong>Wir bitten zu beachten, dass ein Start nur mit Originalr\u00fcckennummer und Helm zugelassen wird!<\/strong><\/span><\/td>\n<\/tr>\n<\/tbody>\n<\/table>\n","protected":false},"excerpt":{"rendered":"<p>Veranstalter: Radfahrer-Club 1903 Ilbenstadt e.V. Gesch\u00e4ftsstelle: 61194 Niddatal, Wingertstra\u00dfe 28 Durchf\u00fchrung: Bei jeder Witterung mit Ausnahme extremer Wetterlagen, die mit Gef\u00e4hrdungen f\u00fcr Leib und Leben der Sportlerinnen und Sportler einhergehen k\u00f6nnen. Start und Ziel: Turnhalle Ilbenstadt, Schulstra\u00dfe 1 (Sportplatz) Siegerehrung: &hellip; <a href=\"https:\/\/www.rc03-ilbenstadt.de\/?page_id=8216\">Weiterlesen <span class=\"meta-nav\">&rarr;<\/span><\/a><\/p>\n","protected":false},"author":9,"featured_media":0,"parent":8186,"menu_order":1,"comment_status":"closed","ping_status":"closed","template":"full-width-page.php","meta":{"_crdt_document":"","footnotes":""},"class_list":["post-8216","page","type-page","status-publish","hentry"],"_links":{"self":[{"href":"https:\/\/www.rc03-ilbenstadt.de\/index.php?rest_route=\/wp\/v2\/pages\/8216","targetHints":{"allow":["GET"]}}],"collection":[{"href":"https:\/\/www.rc03-ilbenstadt.de\/index.php?rest_route=\/wp\/v2\/pages"}],"about":[{"href":"https:\/\/www.rc03-ilbenstadt.de\/index.php?rest_route=\/wp\/v2\/types\/page"}],"author":[{"embeddable":true,"href":"https:\/\/www.rc03-ilbenstadt.de\/index.php?rest_route=\/wp\/v2\/users\/9"}],"replies":[{"embeddable":true,"href":"https:\/\/www.rc03-ilbenstadt.de\/index.php?rest_route=%2Fwp%2Fv2%2Fcomments&post=8216"}],"version-history":[{"count":5,"href":"https:\/\/www.rc03-ilbenstadt.de\/index.php?rest_route=\/wp\/v2\/pages\/8216\/revisions"}],"predecessor-version":[{"id":8344,"href":"https:\/\/www.rc03-ilbenstadt.de\/index.php?rest_route=\/wp\/v2\/pages\/8216\/revisions\/8344"}],"up":[{"embeddable":true,"href":"https:\/\/www.rc03-ilbenstadt.de\/index.php?rest_route=\/wp\/v2\/pages\/8186"}],"wp:attachment":[{"href":"https:\/\/www.rc03-ilbenstadt.de\/index.php?rest_route=%2Fwp%2Fv2%2Fmedia&parent=8216"}],"curies":[{"name":"wp","href":"https:\/\/api.w.org\/{rel}","templated":true}]}}