{"id":9875,"date":"2021-06-27T02:12:11","date_gmt":"2021-06-27T00:12:11","guid":{"rendered":"https:\/\/www.rc03-ilbenstadt.de\/?page_id=9875"},"modified":"2024-10-27T16:17:31","modified_gmt":"2024-10-27T15:17:31","slug":"hinweise-zum-sonnenschutz","status":"publish","type":"page","link":"https:\/\/www.rc03-ilbenstadt.de\/?page_id=9875","title":{"rendered":"Hinweise zum Sonnenschutz"},"content":{"rendered":"<p><span style=\"color: #ff0000;\"><strong>Sorgt auch im Herbst und Winter f\u00fcr Euren Sonnenschutz!<\/strong><\/span><\/p>\n<p>Das <a href=\"https:\/\/www.bfs.de\/DE\/themen\/opt\/uv\/schutz\/sonnencreme\/sonnencreme_node.html\" target=\"_blank\" rel=\"noopener\">Bundesamt f\u00fcr Strahlenschutz (BfS)<\/a> hat zu diesem Thema alle wichtigen Informationen zusammengefasst. In der nachfolgenden Infobox stelle ich Euch den Sonnenschutzmittelcheck mit ein paar erg\u00e4nzenden Hinweisen ein:<\/p>\n<details>\n<summary><span style=\"color: #3366ff;\">Sonnenschutzmittel-Check des BfS<\/span><\/summary>\n<ul>\n<li><strong>Das Sonnenschutzmittel hat einen ausreichend hohen Lichtschutzfaktor.<\/strong><br \/>\nDas Bundesamt f\u00fcr Strahlenschutz (BfS) empfiehlt f\u00fcr Kinder mindestens LSF 30, f\u00fcr Erwachsene mindestens LSF 20. Aufenthalte in gro\u00dfen H\u00f6hen, auf Schnee, am und im Wasser und in sonnenreichen Regionen erfordern ein Sonnenschutzmittel mit einem sehr hohen LSF (50+).<\/li>\n<li><strong>Das Sonnenschutzmittel sch\u00fctzt auch vor UV-A.<\/strong><br \/>\nAuf dem Produkt ist deutlich lesbar der Schutz vor UV-A-Strahlung ausgewiesen.<\/li>\n<li><strong>Die Inhaltsstoffe sind gelistet.<\/strong><br \/>\nBei der Wahl des Sonnenschutzmittels ist zu ber\u00fccksichtigen, ob eine \u00dcberempfindlichkeit gegen\u00fcber Inhaltsstoffen der Sonnenschutzmittel besteht.<\/li>\n<li><strong>Das Sonnenschutzmittel wird rechtzeitig aufgetragen.<\/strong><br \/>\nTr\u00e4gt man die Sonnencreme 20 \u2013 30 Minuten vor dem Aufenthalt in der Sonne auf, kann man sicher sein, dass der Schutz vollst\u00e4ndig besteht.<\/li>\n<li><strong>Das Sonnenschutzmittel wird in ausreichenden Mengen aufgetragen.<\/strong><br \/>\nZumeist wird nicht gen\u00fcgend Sonnencreme verwendet. Macht man es richtig, sollte eine 200 ml-Flasche nach ca. f\u00fcnfmaligem Eincremen des ganzen K\u00f6rpers eines Erwachsenen leer sein.<\/li>\n<li><strong>Das Sonnenschutzmittel wird regelm\u00e4\u00dfig nachgecremt.<\/strong><br \/>\nMindestens alle zwei Stunden und vor allem nach dem Baden und dem Abtrocknen.<\/li>\n<\/ul>\n<\/details>\n<details>\n<summary><span style=\"color: #3366ff;\">Erg\u00e4nzende Hinweise<\/span><\/summary>\n<ul>\n<li>Der UV-Index durch das <a href=\"https:\/\/www.bfs.de\/DE\/themen\/opt\/uv\/uv-index\/einfuehrung\/einfuehrung_node.html;jsessionid=359699642784B19DB809B0C3160EF1FE.1_cid382\"_blank\" rel=\"noopener\">Bundesamt f\u00fcr Strahlenschutz (BfS)<\/a> &#8222;kurz&#8220; erkl\u00e4rt.<\/li>\n<li>Der UV-Index umfasst 11 Stufen. Hier eine <a href=\"https:\/\/www.bfs.de\/SharedDocs\/Bilder\/BfS\/DE\/opt\/uv\/uv-index.jpg?__blob=poster&#038;v=9\" target=\"_blank\"  rel=\"lightbox[9875] noopener\">\u00dcbersicht<\/a>  mit Aussagen zur Schutznotwendigkeit.\n<li>Der UV-Index wird t\u00e4glich vom <a href=\"https:\/\/kunden.dwd.de\/uvi_de\/index.jsp\" target=\"_blank\" rel=\"noopener\">Deutschen Wetterdienst<\/a> ermittelt und f\u00fcr drei Tage prognostiziert.  <\/li>\n<li>F\u00fcr Oktober 2024 wird der UV-Index 3, f\u00fcr November 2 und d\u00fcr den Dezember mit 1 f\u00fcr unsere Region prognostiziert. Bei UV-Index 3 sollte noch f\u00fcr Sonnenschutz gesorgt werden.  Laut BfS sollte man nur 60 % dieser Zeit ausnutzen!<\/li>\n<li><strong>Nutzt das Sonnenschutzmittel exzessiv &#8211; 2 ml pro Quadratzentimeter Haut sind erforderlich!<\/strong><\/li>\n<li><strong>Nach zwei Stunden wird ein Nachcremen empfohlen\/erforderlich<\/strong><br \/>\nDie Gesamtdauer des Aufenthaltes in der Sonne verl\u00e4ngert sich dadurch nicht.<\/li>\n<li>Ihr habt Euch zu einer Sonnencreme mit sehr hohem Lichtschutzfaktor von 50 oder 50+ entschieden, habt aber nur Creme mit dem LSF 30 zur Verf\u00fcgung?<br \/>\nKr\u00e4mt Euch nicht, w\u00e4hrend LSF 50\/50+ etwa 98 % der sch\u00e4dlichen Strahlung filtert, nimmt die Creme mit LSF 30 auch beachtliche 96,67 % von Eurer Haut!<\/li>\n<li>Kleidung mit UV-Schutzkomponente macht das Eincremen an den bedeckten K\u00f6rperstellen entbehrlich.<br \/>\nFragt den Sportbekleidungshersteller nach der UV-Schutz-Eigenschaft.<\/li>\n<li><strong>Die Sonnenschutzmittel sch\u00e4digen nach heutigen Erkenntnissen die Umwelt nicht.<\/strong><br \/>\nWas die Fische allerdings zum Geschmack dieser Br\u00fche sagen, wenn ihr gut geschmiert eure edlen K\u00f6rper K\u00fchlung suchend zum Beispiel im Inheidener See aalt, kann man sich allenfalls vorstellen.<\/li>\n<\/ul>\n<\/details>\n<p><wbr><\/wbr><br \/>\nEndlich! Vollgepackt mit n\u00fctzlichen Informationen zum Sonnenschutz und damit zu aktiver Hautkrebspr\u00e4vention kann es nun auf zur Radtour gehen.<\/p>\n","protected":false},"excerpt":{"rendered":"<p>Sorgt auch im Herbst und Winter f\u00fcr Euren Sonnenschutz! Das Bundesamt f\u00fcr Strahlenschutz (BfS) hat zu diesem Thema alle wichtigen Informationen zusammengefasst. In der nachfolgenden Infobox stelle ich Euch den Sonnenschutzmittelcheck mit ein paar erg\u00e4nzenden Hinweisen ein: Sonnenschutzmittel-Check des BfS &hellip; <a href=\"https:\/\/www.rc03-ilbenstadt.de\/?page_id=9875\">Weiterlesen <span class=\"meta-nav\">&rarr;<\/span><\/a><\/p>\n","protected":false},"author":9,"featured_media":0,"parent":0,"menu_order":0,"comment_status":"closed","ping_status":"closed","template":"","meta":{"_crdt_document":"","footnotes":""},"class_list":["post-9875","page","type-page","status-publish","hentry"],"_links":{"self":[{"href":"https:\/\/www.rc03-ilbenstadt.de\/index.php?rest_route=\/wp\/v2\/pages\/9875","targetHints":{"allow":["GET"]}}],"collection":[{"href":"https:\/\/www.rc03-ilbenstadt.de\/index.php?rest_route=\/wp\/v2\/pages"}],"about":[{"href":"https:\/\/www.rc03-ilbenstadt.de\/index.php?rest_route=\/wp\/v2\/types\/page"}],"author":[{"embeddable":true,"href":"https:\/\/www.rc03-ilbenstadt.de\/index.php?rest_route=\/wp\/v2\/users\/9"}],"replies":[{"embeddable":true,"href":"https:\/\/www.rc03-ilbenstadt.de\/index.php?rest_route=%2Fwp%2Fv2%2Fcomments&post=9875"}],"version-history":[{"count":2,"href":"https:\/\/www.rc03-ilbenstadt.de\/index.php?rest_route=\/wp\/v2\/pages\/9875\/revisions"}],"predecessor-version":[{"id":12761,"href":"https:\/\/www.rc03-ilbenstadt.de\/index.php?rest_route=\/wp\/v2\/pages\/9875\/revisions\/12761"}],"wp:attachment":[{"href":"https:\/\/www.rc03-ilbenstadt.de\/index.php?rest_route=%2Fwp%2Fv2%2Fmedia&parent=9875"}],"curies":[{"name":"wp","href":"https:\/\/api.w.org\/{rel}","templated":true}]}}

<p><span style="color: #ff0000;"><strong>Sorgt auch im Herbst und Winter für Euren Sonnenschutz!</strong></span></p>
<p>Das <a href="https://www.bfs.de/DE/themen/opt/uv/schutz/sonnencreme/sonnencreme_node.html" target="_blank" rel="noopener">Bundesamt für Strahlenschutz (BfS)</a> hat zu diesem Thema alle wichtigen Informationen zusammengefasst. In der nachfolgenden Infobox stelle ich Euch den Sonnenschutzmittelcheck mit ein paar ergänzenden Hinweisen ein:</p>
<details>
<summary><span style="color: #3366ff;">Sonnenschutzmittel-Check des BfS</span></summary>
<ul>
<li><strong>Das Sonnenschutzmittel hat einen ausreichend hohen Lichtschutzfaktor.</strong><br />
Das Bundesamt für Strahlenschutz (BfS) empfiehlt für Kinder mindestens LSF 30, für Erwachsene mindestens LSF 20. Aufenthalte in großen Höhen, auf Schnee, am und im Wasser und in sonnenreichen Regionen erfordern ein Sonnenschutzmittel mit einem sehr hohen LSF (50+).</li>
<li><strong>Das Sonnenschutzmittel schützt auch vor UV-A.</strong><br />
Auf dem Produkt ist deutlich lesbar der Schutz vor UV-A-Strahlung ausgewiesen.</li>
<li><strong>Die Inhaltsstoffe sind gelistet.</strong><br />
Bei der Wahl des Sonnenschutzmittels ist zu berücksichtigen, ob eine Überempfindlichkeit gegenüber Inhaltsstoffen der Sonnenschutzmittel besteht.</li>
<li><strong>Das Sonnenschutzmittel wird rechtzeitig aufgetragen.</strong><br />
Trägt man die Sonnencreme 20 – 30 Minuten vor dem Aufenthalt in der Sonne auf, kann man sicher sein, dass der Schutz vollständig besteht.</li>
<li><strong>Das Sonnenschutzmittel wird in ausreichenden Mengen aufgetragen.</strong><br />
Zumeist wird nicht genügend Sonnencreme verwendet. Macht man es richtig, sollte eine 200 ml-Flasche nach ca. fünfmaligem Eincremen des ganzen Körpers eines Erwachsenen leer sein.</li>
<li><strong>Das Sonnenschutzmittel wird regelmäßig nachgecremt.</strong><br />
Mindestens alle zwei Stunden und vor allem nach dem Baden und dem Abtrocknen.</li>
</ul>
</details>
<details>
<summary><span style="color: #3366ff;">Ergänzende Hinweise</span></summary>
<ul>
<li>Der UV-Index durch das <a href="https://www.bfs.de/DE/themen/opt/uv/uv-index/einfuehrung/einfuehrung_node.html;jsessionid=359699642784B19DB809B0C3160EF1FE.1_cid382"_blank" rel="noopener">Bundesamt für Strahlenschutz (BfS)</a> &#8222;kurz&#8220; erklärt.</li>
<li>Der UV-Index umfasst 11 Stufen. Hier eine <a href="https://www.bfs.de/SharedDocs/Bilder/BfS/DE/opt/uv/uv-index.jpg?__blob=poster&#038;v=9" target="_blank"  rel="lightbox[9875] noopener">Übersicht</a>  mit Aussagen zur Schutznotwendigkeit.
<li>Der UV-Index wird täglich vom <a href="https://kunden.dwd.de/uvi_de/index.jsp" target="_blank" rel="noopener">Deutschen Wetterdienst</a> ermittelt und für drei Tage prognostiziert.  </li>
<li>Für Oktober 2024 wird der UV-Index 3, für November 2 und dür den Dezember mit 1 für unsere Region prognostiziert. Bei UV-Index 3 sollte noch für Sonnenschutz gesorgt werden.  Laut BfS sollte man nur 60 % dieser Zeit ausnutzen!</li>
<li><strong>Nutzt das Sonnenschutzmittel exzessiv &#8211; 2 ml pro Quadratzentimeter Haut sind erforderlich!</strong></li>
<li><strong>Nach zwei Stunden wird ein Nachcremen empfohlen/erforderlich</strong><br />
Die Gesamtdauer des Aufenthaltes in der Sonne verlängert sich dadurch nicht.</li>
<li>Ihr habt Euch zu einer Sonnencreme mit sehr hohem Lichtschutzfaktor von 50 oder 50+ entschieden, habt aber nur Creme mit dem LSF 30 zur Verfügung?<br />
Krämt Euch nicht, während LSF 50/50+ etwa 98 % der schädlichen Strahlung filtert, nimmt die Creme mit LSF 30 auch beachtliche 96,67 % von Eurer Haut!</li>
<li>Kleidung mit UV-Schutzkomponente macht das Eincremen an den bedeckten Körperstellen entbehrlich.<br />
Fragt den Sportbekleidungshersteller nach der UV-Schutz-Eigenschaft.</li>
<li><strong>Die Sonnenschutzmittel schädigen nach heutigen Erkenntnissen die Umwelt nicht.</strong><br />
Was die Fische allerdings zum Geschmack dieser Brühe sagen, wenn ihr gut geschmiert eure edlen Körper Kühlung suchend zum Beispiel im Inheidener See aalt, kann man sich allenfalls vorstellen.</li>
</ul>
</details>
<p><wbr></wbr><br />
Endlich! Vollgepackt mit nützlichen Informationen zum Sonnenschutz und damit zu aktiver Hautkrebsprävention kann es nun auf zur Radtour gehen.</p>

<p>Sorgt auch im Herbst und Winter für Euren Sonnenschutz! Das Bundesamt für Strahlenschutz (BfS) hat zu diesem Thema alle wichtigen Informationen zusammengefasst. In der nachfolgenden Infobox stelle ich Euch den Sonnenschutzmittelcheck mit ein paar ergänzenden Hinweisen ein: Sonnenschutzmittel-Check des BfS &hellip; <a href="https://www.rc03-ilbenstadt.de/?page_id=9875">Weiterlesen <span class="meta-nav">&rarr;</span></a></p>
